{"id":10666,"date":"2023-10-15T10:25:10","date_gmt":"2023-10-15T08:25:10","guid":{"rendered":"https:\/\/www.ummto.dz\/fgc\/?page_id=10666"},"modified":"2023-10-16T14:49:48","modified_gmt":"2023-10-16T12:49:48","slug":"planning-tp-physique1-listes-binomes-polycopie-et-guide-1ere-annee-ingenieurs-st","status":"publish","type":"page","link":"https:\/\/www.ummto.dz\/fgc\/departements-5\/genie-mecanique\/planning-tp-physique1-listes-binomes-polycopie-et-guide-1ere-annee-ingenieurs-st\/","title":{"rendered":"Planning TP Physique1  Listes Bin\u00f4mes  Polycopi\u00e9 et Guide 1\u00e9re ann\u00e9e Ing\u00e9nieurs ST"},"content":{"rendered":"<p>[et_pb_section fb_built=\u00a0\u00bb1&Prime; _builder_version=\u00a0\u00bb4.18.0&Prime; _module_preset=\u00a0\u00bbdefault\u00a0\u00bb global_colors_info=\u00a0\u00bb{}\u00a0\u00bb][et_pb_row _builder_version=\u00a0\u00bb4.18.0&Prime; _module_preset=\u00a0\u00bbdefault\u00a0\u00bb width=\u00a0\u00bb100%\u00a0\u00bb min_height=\u00a0\u00bb258px\u00a0\u00bb border_radii=\u00a0\u00bbon|1px|1px|1px|1px\u00a0\u00bb border_width_all=\u00a0\u00bb1px\u00a0\u00bb border_style_all=\u00a0\u00bbinset\u00a0\u00bb global_colors_info=\u00a0\u00bb{}\u00a0\u00bb][et_pb_column type=\u00a0\u00bb4_4&Prime; _builder_version=\u00a0\u00bb4.18.0&Prime; _module_preset=\u00a0\u00bbdefault\u00a0\u00bb global_colors_info=\u00a0\u00bb{}\u00a0\u00bb][et_pb_text _builder_version=\u00a0\u00bb4.22.2&Prime; _module_preset=\u00a0\u00bbdefault\u00a0\u00bb custom_padding=\u00a0\u00bb12px||||false|false\u00a0\u00bb box_shadow_style=\u00a0\u00bbpreset6&Prime; box_shadow_color=\u00a0\u00bb#0C71C3&Prime; global_colors_info=\u00a0\u00bb{}\u00a0\u00bb]<\/p>\n<h3 style=\"text-align: center\"><span>Planning TP Physique1, Listes Bin\u00f4mes, Polycopi\u00e9 et Guide <\/span><\/h3>\n<h3 style=\"text-align: center\"><span>1\u00e9re ann\u00e9e Ing\u00e9nieurs ST<\/span><\/h3>\n<p>[\/et_pb_text][et_pb_text _builder_version=\u00a0\u00bb4.22.2&Prime; _module_preset=\u00a0\u00bbdefault\u00a0\u00bb custom_padding=\u00a0\u00bb0px|||18px|false|false\u00a0\u00bb hover_enabled=\u00a0\u00bb0&Prime; border_radii=\u00a0\u00bbon|10px|10px|10px|10px\u00a0\u00bb border_width_all=\u00a0\u00bb3px\u00a0\u00bb border_color_all=\u00a0\u00bb#00a5a2&Prime; global_colors_info=\u00a0\u00bb{}\u00a0\u00bb sticky_enabled=\u00a0\u00bb0&Prime;]<\/p>\n<p style=\"text-align: center\"><span style=\"text-decoration: underline;color: #ff0000\"><strong>Planning TP Physique1 <span>1\u00e9re ann\u00e9e Ing\u00e9nieurs ST<\/span><\/strong><\/span><\/p>\n<p style=\"text-align: center\"><span style=\"text-decoration: underline;color: #ff0000\"><strong><span><a href=\"https:\/\/www.ummto.dz\/fgc\/wp-content\/uploads\/2023\/10\/Planning-du-deroulement-des-TP-de-Physique1-1ere-annee-Ingenieurs-ST-2023-2024.pdf\" rel=\"attachment wp-att-10669\">Planning du d\u00e9roulement des TP de Physique1 1\u00e9re ann\u00e9e Ing\u00e9nieurs ST 2023-2024<\/a><\/span><\/strong><\/span><\/p>\n<p>&nbsp;<\/p>\n<p style=\"text-align: center\"><span style=\"text-decoration: underline;color: #ff0000\"><strong><span><\/span><\/strong><\/span><\/p>\n<p>[\/et_pb_text][et_pb_text _builder_version=\u00a0\u00bb4.22.2&Prime; _module_preset=\u00a0\u00bbdefault\u00a0\u00bb custom_padding=\u00a0\u00bb0px|||18px|false|false\u00a0\u00bb hover_enabled=\u00a0\u00bb0&Prime; border_radii=\u00a0\u00bbon|10px|10px|10px|10px\u00a0\u00bb border_width_all=\u00a0\u00bb3px\u00a0\u00bb border_color_all=\u00a0\u00bb#0C71C3&Prime; global_colors_info=\u00a0\u00bb{}\u00a0\u00bb sticky_enabled=\u00a0\u00bb0&Prime;]<\/p>\n<p style=\"text-align: center\"><span style=\"text-decoration: underline;color: #ff0000\"><strong><span><a href=\"https:\/\/www.ummto.dz\/fgc\/wp-content\/uploads\/2023\/10\/Numero-des-binomes-TP-Physique1-1ere-annee-ST-Ingenieurs-2023-2024-1.pdf\" rel=\"attachment wp-att-10726\"><\/a>Listes Bin\u00f4mes 1\u00e9re ann\u00e9e Ing\u00e9nieurs ST<\/span><\/strong><\/span><\/p>\n<p style=\"text-align: center\"><span style=\"text-decoration: underline;color: #ff0000\"><strong><span><a href=\"https:\/\/www.ummto.dz\/fgc\/wp-content\/uploads\/2023\/10\/Numero-des-binomes-TP-Physique1-1ere-annee-ST-Ingenieurs-2023-2024.pdf\" rel=\"attachment wp-att-10670\">Num\u00e9ro des binomes TP Physique1 1\u00e9re ann\u00e9e ST Ing\u00e9nieurs 2023-2024<\/a><\/span><\/strong><\/span><\/p>\n<p>&nbsp;<\/p>\n<p style=\"text-align: center\">[\/et_pb_text][et_pb_text _builder_version=\u00a0\u00bb4.22.2&Prime; _module_preset=\u00a0\u00bbdefault\u00a0\u00bb custom_padding=\u00a0\u00bb0px|||18px|false|false\u00a0\u00bb hover_enabled=\u00a0\u00bb0&Prime; border_radii=\u00a0\u00bbon|10px|10px|10px|10px\u00a0\u00bb border_width_all=\u00a0\u00bb3px\u00a0\u00bb border_color_all=\u00a0\u00bb#7CDA24&Prime; global_colors_info=\u00a0\u00bb{}\u00a0\u00bb sticky_enabled=\u00a0\u00bb0&Prime;]<\/p>\n<p style=\"text-align: center\"><span style=\"text-decoration: underline;color: #ff0000\"><strong><span>Polycopi\u00e9 et Guide 1\u00e9re ann\u00e9e Ing\u00e9nieurs ST<\/span><\/strong><\/span><\/p>\n<p style=\"text-align: center\"><span style=\"text-decoration: underline;color: #ff0000\"><strong><span><a href=\"https:\/\/www.ummto.dz\/fgc\/wp-content\/uploads\/2023\/10\/Feuille-guide-TP-Physique-1.pdf\" rel=\"attachment wp-att-10671\">Feuille guide TP Physique 1<\/a> <\/span><\/strong><\/span><\/p>\n<p style=\"text-align: center\"><span style=\"text-decoration: underline;color: #ff0000\"><strong><span><a href=\"https:\/\/www.ummto.dz\/fgc\/wp-content\/uploads\/2023\/10\/Polycopie-des-TP-Physique-1.pdf\" rel=\"attachment wp-att-10672\">Polycopi\u00e9 des TP Physique 1<\/a><\/span><\/strong><\/span><\/p>\n<p style=\"text-align: center\">\n<p style=\"text-align: center\"><span style=\"text-decoration: underline;color: #ff0000\"><strong><span><\/span><\/strong><\/span><\/p>\n<p style=\"text-align: center\"><span style=\"text-decoration: underline;color: #ff0000\"><strong><span><\/span><\/strong><\/span><\/p>\n<p>[\/et_pb_text][\/et_pb_column][\/et_pb_row][\/et_pb_section]<\/p>\n","protected":false},"excerpt":{"rendered":"<p>Planning TP Physique1, Listes Bin\u00f4mes, Polycopi\u00e9 et Guide 1\u00e9re ann\u00e9e Ing\u00e9nieurs STPlanning TP Physique1 1\u00e9re ann\u00e9e Ing\u00e9nieurs ST Planning du d\u00e9roulement des TP de Physique1 1\u00e9re ann\u00e9e Ing\u00e9nieurs ST 2023-2024 &nbsp; Listes Bin\u00f4mes 1\u00e9re ann\u00e9e Ing\u00e9nieurs ST Num\u00e9ro des binomes TP Physique1 1\u00e9re ann\u00e9e ST Ing\u00e9nieurs 2023-2024 &nbsp; Polycopi\u00e9 et Guide 1\u00e9re ann\u00e9e Ing\u00e9nieurs ST [&hellip;]<\/p>\n","protected":false},"author":4,"featured_media":7318,"parent":2889,"menu_order":0,"comment_status":"closed","ping_status":"closed","template":"","meta":{"_et_pb_use_builder":"on","_et_pb_old_content":"","_et_gb_content_width":"","footnotes":""},"class_list":["post-10666","page","type-page","status-publish","has-post-thumbnail","hentry"],"yoast_head":"<!-- This site is optimized with the Yoast SEO plugin v27.3 - https:\/\/yoast.com\/product\/yoast-seo-wordpress\/ -->\n<title>Planning TP Physique1 Listes Bin\u00f4mes Polycopi\u00e9 et Guide 1\u00e9re ann\u00e9e Ing\u00e9nieurs ST - Facult\u00e9 de G\u00e9nie de la Construction<\/title>\n<meta name=\"description\" content=\"Planning TP Physique1 Listes Bin\u00f4mes Polycopi\u00e9 et Guide 1\u00e9re ann\u00e9e Ing\u00e9nieurs ST GM Facult\u00e9 du G\u00e9nie de la Construction Universit\u00e9 Mouloud MAMMERI de Tizi Ouzou\" \/>\n<meta name=\"robots\" content=\"index, follow, max-snippet:-1, max-image-preview:large, max-video-preview:-1\" \/>\n<link rel=\"canonical\" href=\"https:\/\/www.ummto.dz\/fgc\/departements-5\/genie-mecanique\/planning-tp-physique1-listes-binomes-polycopie-et-guide-1ere-annee-ingenieurs-st\/\" \/>\n<meta property=\"og:locale\" content=\"fr_FR\" \/>\n<meta property=\"og:type\" content=\"article\" \/>\n<meta property=\"og:title\" content=\"Planning TP Physique1 Listes Bin\u00f4mes Polycopi\u00e9 et Guide 1\u00e9re ann\u00e9e Ing\u00e9nieurs ST - Facult\u00e9 de G\u00e9nie de la Construction\" \/>\n<meta property=\"og:description\" content=\"Planning TP Physique1 Listes Bin\u00f4mes Polycopi\u00e9 et Guide 1\u00e9re ann\u00e9e Ing\u00e9nieurs ST GM Facult\u00e9 du G\u00e9nie de la Construction Universit\u00e9 Mouloud MAMMERI de Tizi Ouzou\" \/>\n<meta property=\"og:url\" content=\"https:\/\/www.ummto.dz\/fgc\/departements-5\/genie-mecanique\/planning-tp-physique1-listes-binomes-polycopie-et-guide-1ere-annee-ingenieurs-st\/\" \/>\n<meta property=\"og:site_name\" content=\"Facult\u00e9 de G\u00e9nie de la Construction\" \/>\n<meta property=\"article:modified_time\" content=\"2023-10-16T12:49:48+00:00\" \/>\n<meta property=\"og:image\" content=\"https:\/\/www.ummto.dz\/fgc\/wp-content\/uploads\/2022\/10\/ST-Ingenieur-2.jpg\" \/>\n\t<meta property=\"og:image:width\" content=\"500\" \/>\n\t<meta property=\"og:image:height\" content=\"200\" \/>\n\t<meta property=\"og:image:type\" content=\"image\/jpeg\" \/>\n<meta name=\"twitter:card\" content=\"summary_large_image\" \/>\n<script type=\"application\/ld+json\" class=\"yoast-schema-graph\">{\"@context\":\"https:\\\/\\\/schema.org\",\"@graph\":[{\"@type\":\"WebPage\",\"@id\":\"https:\\\/\\\/www.ummto.dz\\\/fgc\\\/departements-5\\\/genie-mecanique\\\/planning-tp-physique1-listes-binomes-polycopie-et-guide-1ere-annee-ingenieurs-st\\\/\",\"url\":\"https:\\\/\\\/www.ummto.dz\\\/fgc\\\/departements-5\\\/genie-mecanique\\\/planning-tp-physique1-listes-binomes-polycopie-et-guide-1ere-annee-ingenieurs-st\\\/\",\"name\":\"Planning TP Physique1 Listes Bin\u00f4mes Polycopi\u00e9 et Guide 1\u00e9re ann\u00e9e Ing\u00e9nieurs ST - Facult\u00e9 de G\u00e9nie de la Construction\",\"isPartOf\":{\"@id\":\"https:\\\/\\\/www.ummto.dz\\\/fgc\\\/#website\"},\"primaryImageOfPage\":{\"@id\":\"https:\\\/\\\/www.ummto.dz\\\/fgc\\\/departements-5\\\/genie-mecanique\\\/planning-tp-physique1-listes-binomes-polycopie-et-guide-1ere-annee-ingenieurs-st\\\/#primaryimage\"},\"image\":{\"@id\":\"https:\\\/\\\/www.ummto.dz\\\/fgc\\\/departements-5\\\/genie-mecanique\\\/planning-tp-physique1-listes-binomes-polycopie-et-guide-1ere-annee-ingenieurs-st\\\/#primaryimage\"},\"thumbnailUrl\":\"https:\\\/\\\/www.ummto.dz\\\/fgc\\\/wp-content\\\/uploads\\\/2022\\\/10\\\/ST-Ingenieur-2-e1706530538757.jpg\",\"datePublished\":\"2023-10-15T08:25:10+00:00\",\"dateModified\":\"2023-10-16T12:49:48+00:00\",\"description\":\"Planning TP Physique1 Listes Bin\u00f4mes Polycopi\u00e9 et Guide 1\u00e9re ann\u00e9e Ing\u00e9nieurs ST GM Facult\u00e9 du G\u00e9nie de la Construction Universit\u00e9 Mouloud MAMMERI de Tizi Ouzou\",\"breadcrumb\":{\"@id\":\"https:\\\/\\\/www.ummto.dz\\\/fgc\\\/departements-5\\\/genie-mecanique\\\/planning-tp-physique1-listes-binomes-polycopie-et-guide-1ere-annee-ingenieurs-st\\\/#breadcrumb\"},\"inLanguage\":\"fr-FR\",\"potentialAction\":[{\"@type\":\"ReadAction\",\"target\":[\"https:\\\/\\\/www.ummto.dz\\\/fgc\\\/departements-5\\\/genie-mecanique\\\/planning-tp-physique1-listes-binomes-polycopie-et-guide-1ere-annee-ingenieurs-st\\\/\"]}]},{\"@type\":\"ImageObject\",\"inLanguage\":\"fr-FR\",\"@id\":\"https:\\\/\\\/www.ummto.dz\\\/fgc\\\/departements-5\\\/genie-mecanique\\\/planning-tp-physique1-listes-binomes-polycopie-et-guide-1ere-annee-ingenieurs-st\\\/#primaryimage\",\"url\":\"https:\\\/\\\/www.ummto.dz\\\/fgc\\\/wp-content\\\/uploads\\\/2022\\\/10\\\/ST-Ingenieur-2-e1706530538757.jpg\",\"contentUrl\":\"https:\\\/\\\/www.ummto.dz\\\/fgc\\\/wp-content\\\/uploads\\\/2022\\\/10\\\/ST-Ingenieur-2-e1706530538757.jpg\",\"width\":357,\"height\":158},{\"@type\":\"BreadcrumbList\",\"@id\":\"https:\\\/\\\/www.ummto.dz\\\/fgc\\\/departements-5\\\/genie-mecanique\\\/planning-tp-physique1-listes-binomes-polycopie-et-guide-1ere-annee-ingenieurs-st\\\/#breadcrumb\",\"itemListElement\":[{\"@type\":\"ListItem\",\"position\":1,\"name\":\"Accueil\",\"item\":\"https:\\\/\\\/www.ummto.dz\\\/fgc\\\/\"},{\"@type\":\"ListItem\",\"position\":2,\"name\":\"D\u00e9partements\",\"item\":\"https:\\\/\\\/www.ummto.dz\\\/fgc\\\/departements-5\\\/\"},{\"@type\":\"ListItem\",\"position\":3,\"name\":\"G\u00e9nie M\u00e9canique\",\"item\":\"https:\\\/\\\/www.ummto.dz\\\/fgc\\\/departements-5\\\/genie-mecanique\\\/\"},{\"@type\":\"ListItem\",\"position\":4,\"name\":\"Planning TP Physique1 Listes Bin\u00f4mes Polycopi\u00e9 et Guide 1\u00e9re ann\u00e9e Ing\u00e9nieurs ST\"}]},{\"@type\":\"WebSite\",\"@id\":\"https:\\\/\\\/www.ummto.dz\\\/fgc\\\/#website\",\"url\":\"https:\\\/\\\/www.ummto.dz\\\/fgc\\\/\",\"name\":\"Facult\u00e9 de G\u00e9nie de la Construction\",\"description\":\"Facult\u00e9 de G\u00e9nie de la Construction\",\"potentialAction\":[{\"@type\":\"SearchAction\",\"target\":{\"@type\":\"EntryPoint\",\"urlTemplate\":\"https:\\\/\\\/www.ummto.dz\\\/fgc\\\/?s={search_term_string}\"},\"query-input\":{\"@type\":\"PropertyValueSpecification\",\"valueRequired\":true,\"valueName\":\"search_term_string\"}}],\"inLanguage\":\"fr-FR\"}]}<\/script>\n<!-- \/ Yoast SEO plugin. -->","yoast_head_json":{"title":"Planning TP Physique1 Listes Bin\u00f4mes Polycopi\u00e9 et Guide 1\u00e9re ann\u00e9e Ing\u00e9nieurs ST - Facult\u00e9 de G\u00e9nie de la Construction","description":"Planning TP Physique1 Listes Bin\u00f4mes Polycopi\u00e9 et Guide 1\u00e9re ann\u00e9e Ing\u00e9nieurs ST GM Facult\u00e9 du G\u00e9nie de la Construction Universit\u00e9 Mouloud MAMMERI de Tizi Ouzou","robots":{"index":"index","follow":"follow","max-snippet":"max-snippet:-1","max-image-preview":"max-image-preview:large","max-video-preview":"max-video-preview:-1"},"canonical":"https:\/\/www.ummto.dz\/fgc\/departements-5\/genie-mecanique\/planning-tp-physique1-listes-binomes-polycopie-et-guide-1ere-annee-ingenieurs-st\/","og_locale":"fr_FR","og_type":"article","og_title":"Planning TP Physique1 Listes Bin\u00f4mes Polycopi\u00e9 et Guide 1\u00e9re ann\u00e9e Ing\u00e9nieurs ST - Facult\u00e9 de G\u00e9nie de la Construction","og_description":"Planning TP Physique1 Listes Bin\u00f4mes Polycopi\u00e9 et Guide 1\u00e9re ann\u00e9e Ing\u00e9nieurs ST GM Facult\u00e9 du G\u00e9nie de la Construction Universit\u00e9 Mouloud MAMMERI de Tizi Ouzou","og_url":"https:\/\/www.ummto.dz\/fgc\/departements-5\/genie-mecanique\/planning-tp-physique1-listes-binomes-polycopie-et-guide-1ere-annee-ingenieurs-st\/","og_site_name":"Facult\u00e9 de G\u00e9nie de la Construction","article_modified_time":"2023-10-16T12:49:48+00:00","og_image":[{"width":500,"height":200,"url":"https:\/\/www.ummto.dz\/fgc\/wp-content\/uploads\/2022\/10\/ST-Ingenieur-2.jpg","type":"image\/jpeg"}],"twitter_card":"summary_large_image","schema":{"@context":"https:\/\/schema.org","@graph":[{"@type":"WebPage","@id":"https:\/\/www.ummto.dz\/fgc\/departements-5\/genie-mecanique\/planning-tp-physique1-listes-binomes-polycopie-et-guide-1ere-annee-ingenieurs-st\/","url":"https:\/\/www.ummto.dz\/fgc\/departements-5\/genie-mecanique\/planning-tp-physique1-listes-binomes-polycopie-et-guide-1ere-annee-ingenieurs-st\/","name":"Planning TP Physique1 Listes Bin\u00f4mes Polycopi\u00e9 et Guide 1\u00e9re ann\u00e9e Ing\u00e9nieurs ST - Facult\u00e9 de G\u00e9nie de la Construction","isPartOf":{"@id":"https:\/\/www.ummto.dz\/fgc\/#website"},"primaryImageOfPage":{"@id":"https:\/\/www.ummto.dz\/fgc\/departements-5\/genie-mecanique\/planning-tp-physique1-listes-binomes-polycopie-et-guide-1ere-annee-ingenieurs-st\/#primaryimage"},"image":{"@id":"https:\/\/www.ummto.dz\/fgc\/departements-5\/genie-mecanique\/planning-tp-physique1-listes-binomes-polycopie-et-guide-1ere-annee-ingenieurs-st\/#primaryimage"},"thumbnailUrl":"https:\/\/www.ummto.dz\/fgc\/wp-content\/uploads\/2022\/10\/ST-Ingenieur-2-e1706530538757.jpg","datePublished":"2023-10-15T08:25:10+00:00","dateModified":"2023-10-16T12:49:48+00:00","description":"Planning TP Physique1 Listes Bin\u00f4mes Polycopi\u00e9 et Guide 1\u00e9re ann\u00e9e Ing\u00e9nieurs ST GM Facult\u00e9 du G\u00e9nie de la Construction Universit\u00e9 Mouloud MAMMERI de Tizi Ouzou","breadcrumb":{"@id":"https:\/\/www.ummto.dz\/fgc\/departements-5\/genie-mecanique\/planning-tp-physique1-listes-binomes-polycopie-et-guide-1ere-annee-ingenieurs-st\/#breadcrumb"},"inLanguage":"fr-FR","potentialAction":[{"@type":"ReadAction","target":["https:\/\/www.ummto.dz\/fgc\/departements-5\/genie-mecanique\/planning-tp-physique1-listes-binomes-polycopie-et-guide-1ere-annee-ingenieurs-st\/"]}]},{"@type":"ImageObject","inLanguage":"fr-FR","@id":"https:\/\/www.ummto.dz\/fgc\/departements-5\/genie-mecanique\/planning-tp-physique1-listes-binomes-polycopie-et-guide-1ere-annee-ingenieurs-st\/#primaryimage","url":"https:\/\/www.ummto.dz\/fgc\/wp-content\/uploads\/2022\/10\/ST-Ingenieur-2-e1706530538757.jpg","contentUrl":"https:\/\/www.ummto.dz\/fgc\/wp-content\/uploads\/2022\/10\/ST-Ingenieur-2-e1706530538757.jpg","width":357,"height":158},{"@type":"BreadcrumbList","@id":"https:\/\/www.ummto.dz\/fgc\/departements-5\/genie-mecanique\/planning-tp-physique1-listes-binomes-polycopie-et-guide-1ere-annee-ingenieurs-st\/#breadcrumb","itemListElement":[{"@type":"ListItem","position":1,"name":"Accueil","item":"https:\/\/www.ummto.dz\/fgc\/"},{"@type":"ListItem","position":2,"name":"D\u00e9partements","item":"https:\/\/www.ummto.dz\/fgc\/departements-5\/"},{"@type":"ListItem","position":3,"name":"G\u00e9nie M\u00e9canique","item":"https:\/\/www.ummto.dz\/fgc\/departements-5\/genie-mecanique\/"},{"@type":"ListItem","position":4,"name":"Planning TP Physique1 Listes Bin\u00f4mes Polycopi\u00e9 et Guide 1\u00e9re ann\u00e9e Ing\u00e9nieurs ST"}]},{"@type":"WebSite","@id":"https:\/\/www.ummto.dz\/fgc\/#website","url":"https:\/\/www.ummto.dz\/fgc\/","name":"Facult\u00e9 de G\u00e9nie de la Construction","description":"Facult\u00e9 de G\u00e9nie de la Construction","potentialAction":[{"@type":"SearchAction","target":{"@type":"EntryPoint","urlTemplate":"https:\/\/www.ummto.dz\/fgc\/?s={search_term_string}"},"query-input":{"@type":"PropertyValueSpecification","valueRequired":true,"valueName":"search_term_string"}}],"inLanguage":"fr-FR"}]}},"_links":{"self":[{"href":"https:\/\/www.ummto.dz\/fgc\/wp-json\/wp\/v2\/pages\/10666","targetHints":{"allow":["GET"]}}],"collection":[{"href":"https:\/\/www.ummto.dz\/fgc\/wp-json\/wp\/v2\/pages"}],"about":[{"href":"https:\/\/www.ummto.dz\/fgc\/wp-json\/wp\/v2\/types\/page"}],"author":[{"embeddable":true,"href":"https:\/\/www.ummto.dz\/fgc\/wp-json\/wp\/v2\/users\/4"}],"replies":[{"embeddable":true,"href":"https:\/\/www.ummto.dz\/fgc\/wp-json\/wp\/v2\/comments?post=10666"}],"version-history":[{"count":5,"href":"https:\/\/www.ummto.dz\/fgc\/wp-json\/wp\/v2\/pages\/10666\/revisions"}],"predecessor-version":[{"id":10733,"href":"https:\/\/www.ummto.dz\/fgc\/wp-json\/wp\/v2\/pages\/10666\/revisions\/10733"}],"up":[{"embeddable":true,"href":"https:\/\/www.ummto.dz\/fgc\/wp-json\/wp\/v2\/pages\/2889"}],"wp:featuredmedia":[{"embeddable":true,"href":"https:\/\/www.ummto.dz\/fgc\/wp-json\/wp\/v2\/media\/7318"}],"wp:attachment":[{"href":"https:\/\/www.ummto.dz\/fgc\/wp-json\/wp\/v2\/media?parent=10666"}],"curies":[{"name":"wp","href":"https:\/\/api.w.org\/{rel}","templated":true}]}}