{"id":20678,"date":"2020-02-27T10:35:10","date_gmt":"2020-02-27T09:35:10","guid":{"rendered":"http:\/\/fsecsg.ummto.dz\/?page_id=20678"},"modified":"2020-02-27T10:36:43","modified_gmt":"2020-02-27T09:36:43","slug":"annee-2017-2018-47","status":"publish","type":"page","link":"https:\/\/www.ummto.dz\/fsecsg\/annee-2017-2018-47\/","title":{"rendered":"Ann\u00e9e 2017\/2018"},"content":{"rendered":"<p>&nbsp;<\/p>\n<ul>\n<li><span style=\"text-decoration: underline;\"><span style=\"color: #ff0000; text-decoration: underline;\"><strong>Planning des examens de dettes 2 \u00e8me session:<\/strong><\/span><\/span><\/li>\n<li><a href=\"http:\/\/fsecsg.ummto.dz\/wp-content\/uploads\/2018\/09\/PLANNING-DES-EXAMENS-DE-DETTES-S3-\u2013-2017_2018-2\u00e9me-session.pdf\"><span style=\"color: #000000;\"><strong>PLANNING DES EXAMENS DE DETTES S3 \u2013 2017_2018 (2\u00e9me session)<\/strong><\/span><\/a><\/li>\n<li><span style=\"color: #000000;\"><strong><a style=\"color: #000000;\" href=\"http:\/\/fsecsg.ummto.dz\/wp-content\/uploads\/2018\/09\/PLANNING-DES-EXAMENS-DE-DETTES-S4-\u2013-2017_2018-2\u00e9me-session.pdf\">PLANNING DES EXAMENS DE DETTES S4 \u2013 2017_2018 (2\u00e9me session)<\/a><\/strong><\/span><\/li>\n<\/ul>\n<p>&nbsp;<\/p>\n<ul>\n<li><strong><span style=\"text-decoration: underline;\"><span style=\"color: #ff0000; text-decoration: underline;\">Planning des examens de rattrapage (S3+S4):<\/span><\/span><\/strong><\/li>\n<\/ul>\n<p><span style=\"color: #000000;\"><strong><a style=\"color: #000000;\" href=\"http:\/\/fsecsg.ummto.dz\/wp-content\/uploads\/2018\/09\/rectifi\u00e9-rat-s3-et-s4-reprogramm\u00e9s.pdf\">Planning rattrapage\u00a0 s3 et s4 reprogramm\u00e9s\/<\/a><\/strong><\/span><a href=\"http:\/\/fsecsg.ummto.dz\/wp-content\/uploads\/2018\/09\/rectifi\u00e9-SUITE-RATTRAPAGE-2EME-ANNEE.pdf\"><span style=\"color: #000000;\"><strong>La suite<\/strong><\/span><\/a><\/p>\n<p><a href=\"http:\/\/fsecsg.ummto.dz\/wp-content\/uploads\/2018\/07\/exam-rat-S3-2017-2018.pdf\"><span style=\"color: #000000;\"><strong>Planning des examens\u00a0 de rattrapage\u00a0 S3\u00a0<\/strong><\/span><\/a><\/p>\n<p><span style=\"color: #000000;\"><strong><a style=\"color: #000000;\" href=\"http:\/\/fsecsg.ummto.dz\/wp-content\/uploads\/2018\/07\/exam-rat-S4-2017-2018.pdf\">Planning des examens de rattrapage\u00a0 S4\u00a0<\/a><\/strong><\/span><\/p>\n<p><span style=\"color: #000000;\"><strong><a style=\"color: #000000;\" href=\"http:\/\/fsecsg.ummto.dz\/wp-content\/uploads\/2018\/09\/SUITE-RATTRAPAGE-2EME-ANNEE-_1_.pdf\">Planning des examen de rattrapage la suite\u00a0 (S3+S4)_<\/a><\/strong><\/span><\/p>\n<p>&nbsp;<\/p>\n<ul>\n<li><span style=\"text-decoration: underline; color: #ff0000;\"><strong>Semestre 3:<\/strong><\/span><\/li>\n<\/ul>\n<p><span style=\"color: #000000;\"><strong><a style=\"color: #000000;\" href=\"http:\/\/fsecsg.ummto.dz\/wp-content\/uploads\/2018\/04\/exam-2ann\u00e9e-2018.pdf\">Nouveau planning des \u00e9xamens\u00a0 2 \u00e8me Ann\u00e9e Ann\u00e9e\u00a0<\/a><\/strong><\/span><\/p>\n<p>&nbsp;<\/p>\n<ul>\n<li><span style=\"text-decoration: underline;\"><span style=\"color: #ff0000; text-decoration: underline;\"><strong>Semestre 4:<\/strong><\/span><\/span><\/li>\n<\/ul>\n<p><a href=\"http:\/\/fsecsg.ummto.dz\/wp-content\/uploads\/2018\/06\/2-\u00e8me-Ann\u00e9e-.pdf\"><span style=\"color: #000000;\"><strong>Planning des examens 2 \u00e8me Ann\u00e9e LMD Semestre 4<\/strong><\/span><\/a><\/p>\n<ul>\n<li><a href=\"http:\/\/fsecsg.ummto.dz\/wp-content\/uploads\/2018\/06\/pdfcompressor.zip\"><span style=\"color: #000000;\"><strong>Liste des \u00e9tudiants 2 \u00e8me Ann\u00e9e LMD\u00a0 par lieu d\u2019examen\u00a0\u00a0<\/strong><\/span><\/a><\/li>\n<\/ul>\n","protected":false},"excerpt":{"rendered":"<p>&nbsp; Planning des examens de dettes 2 \u00e8me session: PLANNING DES EXAMENS DE DETTES S3 \u2013 2017_2018 (2\u00e9me session) PLANNING DES EXAMENS DE DETTES S4 \u2013 2017_2018 (2\u00e9me session) &nbsp; Planning des examens de rattrapage (S3+S4): Planning rattrapage\u00a0 s3 et s4 reprogramm\u00e9s\/La suite Planning des examens\u00a0 de rattrapage\u00a0 S3\u00a0 Planning des examens de rattrapage\u00a0 S4\u00a0 [&hellip;]<\/p>\n","protected":false},"author":1,"featured_media":0,"parent":0,"menu_order":0,"comment_status":"closed","ping_status":"closed","template":"","meta":{"_et_pb_use_builder":"","_et_pb_old_content":"","_et_gb_content_width":"","footnotes":""},"class_list":["post-20678","page","type-page","status-publish","hentry"],"yoast_head":"<!-- This site is optimized with the Yoast SEO plugin v27.3 - https:\/\/yoast.com\/product\/yoast-seo-wordpress\/ -->\n<title>Ann\u00e9e 2017\/2018 - Facult\u00e9 des Sciences Economiques, Commerciales et des Sciences de Gestion<\/title>\n<meta name=\"robots\" content=\"index, follow, max-snippet:-1, max-image-preview:large, max-video-preview:-1\" \/>\n<link rel=\"canonical\" href=\"https:\/\/www.ummto.dz\/fsecsg\/annee-2017-2018-47\/\" \/>\n<meta property=\"og:locale\" content=\"fr_FR\" \/>\n<meta property=\"og:type\" content=\"article\" \/>\n<meta property=\"og:title\" content=\"Ann\u00e9e 2017\/2018 - Facult\u00e9 des Sciences Economiques, Commerciales et des Sciences de Gestion\" \/>\n<meta property=\"og:description\" content=\"&nbsp; Planning des examens de dettes 2 \u00e8me session: PLANNING DES EXAMENS DE DETTES S3 \u2013 2017_2018 (2\u00e9me session) PLANNING DES EXAMENS DE DETTES S4 \u2013 2017_2018 (2\u00e9me session) &nbsp; Planning des examens de rattrapage (S3+S4): Planning rattrapage\u00a0 s3 et s4 reprogramm\u00e9s\/La suite Planning des examens\u00a0 de rattrapage\u00a0 S3\u00a0 Planning des examens de rattrapage\u00a0 S4\u00a0 [&hellip;]\" \/>\n<meta property=\"og:url\" content=\"https:\/\/www.ummto.dz\/fsecsg\/annee-2017-2018-47\/\" \/>\n<meta property=\"og:site_name\" content=\"Facult\u00e9 des Sciences Economiques, Commerciales et des Sciences de Gestion\" \/>\n<meta property=\"article:modified_time\" content=\"2020-02-27T09:36:43+00:00\" \/>\n<meta name=\"twitter:card\" content=\"summary_large_image\" \/>\n<script type=\"application\/ld+json\" class=\"yoast-schema-graph\">{\"@context\":\"https:\\\/\\\/schema.org\",\"@graph\":[{\"@type\":\"WebPage\",\"@id\":\"https:\\\/\\\/www.ummto.dz\\\/fsecsg\\\/annee-2017-2018-47\\\/\",\"url\":\"https:\\\/\\\/www.ummto.dz\\\/fsecsg\\\/annee-2017-2018-47\\\/\",\"name\":\"Ann\u00e9e 2017\\\/2018 - Facult\u00e9 des Sciences Economiques, Commerciales et des Sciences de Gestion\",\"isPartOf\":{\"@id\":\"https:\\\/\\\/www.ummto.dz\\\/fsecsg\\\/#website\"},\"datePublished\":\"2020-02-27T09:35:10+00:00\",\"dateModified\":\"2020-02-27T09:36:43+00:00\",\"breadcrumb\":{\"@id\":\"https:\\\/\\\/www.ummto.dz\\\/fsecsg\\\/annee-2017-2018-47\\\/#breadcrumb\"},\"inLanguage\":\"fr-FR\",\"potentialAction\":[{\"@type\":\"ReadAction\",\"target\":[\"https:\\\/\\\/www.ummto.dz\\\/fsecsg\\\/annee-2017-2018-47\\\/\"]}]},{\"@type\":\"BreadcrumbList\",\"@id\":\"https:\\\/\\\/www.ummto.dz\\\/fsecsg\\\/annee-2017-2018-47\\\/#breadcrumb\",\"itemListElement\":[{\"@type\":\"ListItem\",\"position\":1,\"name\":\"Accueil\",\"item\":\"https:\\\/\\\/www.ummto.dz\\\/fsecsg\\\/\"},{\"@type\":\"ListItem\",\"position\":2,\"name\":\"Ann\u00e9e 2017\\\/2018\"}]},{\"@type\":\"WebSite\",\"@id\":\"https:\\\/\\\/www.ummto.dz\\\/fsecsg\\\/#website\",\"url\":\"https:\\\/\\\/www.ummto.dz\\\/fsecsg\\\/\",\"name\":\"Facult\u00e9 des Sciences Economiques, Commerciales et des Sciences de Gestion\",\"description\":\"Universit\u00e9 Mouloud Mammeri de Tizi Ouzou\",\"potentialAction\":[{\"@type\":\"SearchAction\",\"target\":{\"@type\":\"EntryPoint\",\"urlTemplate\":\"https:\\\/\\\/www.ummto.dz\\\/fsecsg\\\/?s={search_term_string}\"},\"query-input\":{\"@type\":\"PropertyValueSpecification\",\"valueRequired\":true,\"valueName\":\"search_term_string\"}}],\"inLanguage\":\"fr-FR\"}]}<\/script>\n<!-- \/ Yoast SEO plugin. -->","yoast_head_json":{"title":"Ann\u00e9e 2017\/2018 - Facult\u00e9 des Sciences Economiques, Commerciales et des Sciences de Gestion","robots":{"index":"index","follow":"follow","max-snippet":"max-snippet:-1","max-image-preview":"max-image-preview:large","max-video-preview":"max-video-preview:-1"},"canonical":"https:\/\/www.ummto.dz\/fsecsg\/annee-2017-2018-47\/","og_locale":"fr_FR","og_type":"article","og_title":"Ann\u00e9e 2017\/2018 - Facult\u00e9 des Sciences Economiques, Commerciales et des Sciences de Gestion","og_description":"&nbsp; Planning des examens de dettes 2 \u00e8me session: PLANNING DES EXAMENS DE DETTES S3 \u2013 2017_2018 (2\u00e9me session) PLANNING DES EXAMENS DE DETTES S4 \u2013 2017_2018 (2\u00e9me session) &nbsp; Planning des examens de rattrapage (S3+S4): Planning rattrapage\u00a0 s3 et s4 reprogramm\u00e9s\/La suite Planning des examens\u00a0 de rattrapage\u00a0 S3\u00a0 Planning des examens de rattrapage\u00a0 S4\u00a0 [&hellip;]","og_url":"https:\/\/www.ummto.dz\/fsecsg\/annee-2017-2018-47\/","og_site_name":"Facult\u00e9 des Sciences Economiques, Commerciales et des Sciences de Gestion","article_modified_time":"2020-02-27T09:36:43+00:00","twitter_card":"summary_large_image","schema":{"@context":"https:\/\/schema.org","@graph":[{"@type":"WebPage","@id":"https:\/\/www.ummto.dz\/fsecsg\/annee-2017-2018-47\/","url":"https:\/\/www.ummto.dz\/fsecsg\/annee-2017-2018-47\/","name":"Ann\u00e9e 2017\/2018 - Facult\u00e9 des Sciences Economiques, Commerciales et des Sciences de Gestion","isPartOf":{"@id":"https:\/\/www.ummto.dz\/fsecsg\/#website"},"datePublished":"2020-02-27T09:35:10+00:00","dateModified":"2020-02-27T09:36:43+00:00","breadcrumb":{"@id":"https:\/\/www.ummto.dz\/fsecsg\/annee-2017-2018-47\/#breadcrumb"},"inLanguage":"fr-FR","potentialAction":[{"@type":"ReadAction","target":["https:\/\/www.ummto.dz\/fsecsg\/annee-2017-2018-47\/"]}]},{"@type":"BreadcrumbList","@id":"https:\/\/www.ummto.dz\/fsecsg\/annee-2017-2018-47\/#breadcrumb","itemListElement":[{"@type":"ListItem","position":1,"name":"Accueil","item":"https:\/\/www.ummto.dz\/fsecsg\/"},{"@type":"ListItem","position":2,"name":"Ann\u00e9e 2017\/2018"}]},{"@type":"WebSite","@id":"https:\/\/www.ummto.dz\/fsecsg\/#website","url":"https:\/\/www.ummto.dz\/fsecsg\/","name":"Facult\u00e9 des Sciences Economiques, Commerciales et des Sciences de Gestion","description":"Universit\u00e9 Mouloud Mammeri de Tizi Ouzou","potentialAction":[{"@type":"SearchAction","target":{"@type":"EntryPoint","urlTemplate":"https:\/\/www.ummto.dz\/fsecsg\/?s={search_term_string}"},"query-input":{"@type":"PropertyValueSpecification","valueRequired":true,"valueName":"search_term_string"}}],"inLanguage":"fr-FR"}]}},"_links":{"self":[{"href":"https:\/\/www.ummto.dz\/fsecsg\/wp-json\/wp\/v2\/pages\/20678","targetHints":{"allow":["GET"]}}],"collection":[{"href":"https:\/\/www.ummto.dz\/fsecsg\/wp-json\/wp\/v2\/pages"}],"about":[{"href":"https:\/\/www.ummto.dz\/fsecsg\/wp-json\/wp\/v2\/types\/page"}],"author":[{"embeddable":true,"href":"https:\/\/www.ummto.dz\/fsecsg\/wp-json\/wp\/v2\/users\/1"}],"replies":[{"embeddable":true,"href":"https:\/\/www.ummto.dz\/fsecsg\/wp-json\/wp\/v2\/comments?post=20678"}],"version-history":[{"count":2,"href":"https:\/\/www.ummto.dz\/fsecsg\/wp-json\/wp\/v2\/pages\/20678\/revisions"}],"predecessor-version":[{"id":20682,"href":"https:\/\/www.ummto.dz\/fsecsg\/wp-json\/wp\/v2\/pages\/20678\/revisions\/20682"}],"wp:attachment":[{"href":"https:\/\/www.ummto.dz\/fsecsg\/wp-json\/wp\/v2\/media?parent=20678"}],"curies":[{"name":"wp","href":"https:\/\/api.w.org\/{rel}","templated":true}]}}