{"id":385,"date":"2018-03-01T14:24:03","date_gmt":"2018-03-01T13:24:03","guid":{"rendered":"http:\/\/fsecsg.ummto.dz\/?page_id=385"},"modified":"2021-12-13T14:01:35","modified_gmt":"2021-12-13T13:01:35","slug":"planning-des-examens-sciences-commerciales","status":"publish","type":"page","link":"https:\/\/www.ummto.dz\/fsecsg\/planning-des-examens-sciences-commerciales\/","title":{"rendered":"Planning des examens \u00ab\u00a0Sciences Commerciales\u00a0\u00bb"},"content":{"rendered":"<p>[et_pb_section admin_label=\u00a0\u00bbsection\u00a0\u00bb]<br \/>\n\t\t\t[et_pb_row admin_label=\u00a0\u00bbrow\u00a0\u00bb]<br \/>\n\t\t\t\t[et_pb_column type=\u00a0\u00bb4_4&Prime;][et_pb_text admin_label=\u00a0\u00bbText\u00a0\u00bb]<span style=\"color: #000080\"><strong><span style=\"text-decoration: underline\">\u00a0<img decoding=\"async\" class=\"wp-image-2039 alignleft\" src=\"http:\/\/fsecsg.ummto.dz\/wp-content\/uploads\/2018\/04\/leadImage_large.jpg\" alt=\"\" width=\"89\" height=\"63\" \/><a style=\"color: #000080;text-decoration: underline\" href=\"https:\/\/www.ummto.dz\/fsecsg\/?page_id=2062\">1\u00e8re Ann\u00e9e LMD\u00a0<\/a><\/span><\/strong><\/span><span style=\"color: #000000\"><br \/>\nCette rubrique\u00a0 est destin\u00e9e aux<strong>\u00a0\u00ab\u00a0\u00e9tudiants de 1 \u00e8re Ann\u00e9e LMD\u00a0\u00bb<\/strong>\u00a0 pour t\u00e9l\u00e9charger les Plannings des examens<\/span><\/p>\n<p>&#8212;&#8212;&#8212;&#8212;&#8212;&#8212;&#8212;&#8212;&#8212;&#8212;&#8212;&#8212;&#8212;&#8212;&#8212;&#8212;&#8212;&#8212;&#8212;&#8212;&#8212;&#8212;&#8212;&#8212;&#8212;&#8212;&#8212;&#8212;&#8212;&#8212;&#8212;&#8212;&#8212;&#8212;&#8212;&#8212;&#8212;&#8212;&#8212;&#8212;&#8212;&#8212;&#8212;&#8212;&#8212;&#8212;&#8212;&#8212;&#8212;&#8212;&#8212;-<\/p>\n<p><span style=\"text-decoration: underline\"><span style=\"color: #000080\"><strong><img decoding=\"async\" class=\"wp-image-2133 alignleft\" src=\"http:\/\/fsecsg.ummto.dz\/wp-content\/uploads\/2018\/04\/t\u00e9l\u00e9chargement-4.jpg\" alt=\"\" width=\"106\" height=\"61\" \/><span style=\"color: #000080;text-decoration: underline\"><a style=\"color: #000080;text-decoration: underline\" href=\"https:\/\/www.ummto.dz\/fsecsg\/?page_id=2145\">2\u00e8me Ann\u00e9e LMD<\/a><\/span><\/strong><\/span><\/span><\/p>\n<p><span style=\"color: #000000\">Cette rubrique\u00a0 est destin\u00e9e aux<strong>\u00a0\u00ab\u00a0\u00e9tudiants de\u00a0 2 \u00e8me Ann\u00e9e\u00a0 LMD\u00a0\u00bb<\/strong>\u00a0 pour t\u00e9l\u00e9charger les Plannings des examens\u00a0\u00a0<\/span><\/p>\n<p><span style=\"color: #000000\">&#8212;&#8212;&#8212;&#8212;&#8212;&#8212;&#8212;&#8212;&#8212;&#8212;&#8212;&#8212;&#8212;&#8212;&#8212;&#8212;&#8212;&#8212;&#8212;&#8212;&#8212;&#8212;&#8212;&#8212;&#8212;&#8212;&#8212;&#8212;&#8212;&#8212;&#8212;&#8212;&#8212;&#8212;&#8212;&#8212;&#8212;&#8212;&#8212;&#8212;&#8212;&#8212;&#8212;&#8212;&#8212;&#8212;&#8212;&#8212;&#8212;&#8211;\u00a0<\/span><\/p>\n<p style=\"text-align: left\"><strong><span style=\"color: #000000\"><span style=\"color: #000080\"><span style=\"text-decoration: underline\"><img decoding=\"async\" class=\"alignnone wp-image-134 alignleft\" src=\"http:\/\/fsecsg.ummto.dz\/wp-content\/uploads\/2018\/01\/Logo-LICENCE.png\" alt=\"\" width=\"97\" height=\"97\" srcset=\"https:\/\/www.ummto.dz\/fsecsg\/wp-content\/uploads\/2018\/01\/Logo-LICENCE.png 100w, https:\/\/www.ummto.dz\/fsecsg\/wp-content\/uploads\/2018\/01\/Logo-LICENCE-150x150.png 150w, https:\/\/www.ummto.dz\/fsecsg\/wp-content\/uploads\/2018\/01\/Logo-LICENCE-160x160.png 160w, https:\/\/www.ummto.dz\/fsecsg\/wp-content\/uploads\/2018\/01\/Logo-LICENCE-320x320.png 320w\" sizes=\"(max-width: 97px) 100vw, 97px\" \/><a href=\"https:\/\/www.ummto.dz\/fsecsg\/?page_id=2450\"><span style=\"color: #000080;text-decoration: underline\">Licence<\/span><\/a><\/span><\/span><\/span><\/strong><span style=\"color: #000000\"><br \/>\n<span style=\"color: #000000\">Cette rubrique\u00a0 est destin\u00e9e aux<strong>\u00a0\u00ab\u00a0\u00e9tudiants de licence\u00a0\u00bb<\/strong>\u00a0 pour t\u00e9l\u00e9charger les Plannings des examens\u00a0 des diff\u00e9rents niveaux par fili\u00e8res et sp\u00e9cialit\u00e9s<\/span><\/span><\/p>\n<p>&nbsp;<\/p>\n<p>&#8212;&#8212;&#8212;&#8212;&#8212;&#8212;&#8212;&#8212;&#8212;&#8212;&#8212;&#8212;&#8212;&#8212;&#8212;&#8212;&#8212;&#8212;&#8212;&#8212;&#8212;&#8212;&#8212;&#8212;&#8212;&#8212;&#8212;&#8212;&#8212;&#8212;&#8212;&#8212;&#8212;&#8212;&#8212;&#8212;&#8212;&#8212;&#8212;&#8212;&#8212;&#8212;&#8212;&#8212;&#8212;&#8212;&#8212;&#8212;&#8212;&#8212;<\/p>\n<p><span style=\"color: #000000\"><a href=\"https:\/\/www.ummto.dz\/fsecsg\/?page_id=5322\"><strong><span style=\"text-decoration: underline\"><span style=\"color: #000080;text-decoration: underline\"><span style=\"color: #000080\">Master<\/span><\/span><\/span><\/strong><\/a><strong style=\"color: #000000\"><span style=\"color: #000080\"><img decoding=\"async\" class=\" wp-image-131 alignleft\" src=\"http:\/\/fsecsg.ummto.dz\/wp-content\/uploads\/2018\/01\/Logo-Master.png\" alt=\"\" width=\"94\" height=\"94\" srcset=\"https:\/\/www.ummto.dz\/fsecsg\/wp-content\/uploads\/2018\/01\/Logo-Master.png 100w, https:\/\/www.ummto.dz\/fsecsg\/wp-content\/uploads\/2018\/01\/Logo-Master-150x150.png 150w, https:\/\/www.ummto.dz\/fsecsg\/wp-content\/uploads\/2018\/01\/Logo-Master-160x160.png 160w, https:\/\/www.ummto.dz\/fsecsg\/wp-content\/uploads\/2018\/01\/Logo-Master-320x320.png 320w\" sizes=\"(max-width: 94px) 100vw, 94px\" \/><\/span><\/strong><\/span><\/p>\n<p><span style=\"color: #000000\">Cette rubrique\u00a0 est destin\u00e9e aux<strong>\u00a0\u00a0\u00bb \u00e9tudiants de master\u00a0\u00bb<\/strong>\u00a0pour t\u00e9l\u00e9charger les\u00a0 Plannings des examens des diff\u00e9rents niveaux par fili\u00e8res et sp\u00e9cialit\u00e9s.<\/span><\/p>\n<p>&nbsp;<\/p>\n<p>&#8212;&#8212;&#8212;&#8212;&#8212;&#8212;&#8212;&#8212;&#8212;&#8212;&#8212;&#8212;&#8212;&#8212;&#8212;&#8212;&#8212;&#8212;&#8212;&#8212;&#8212;&#8212;&#8212;&#8212;&#8212;&#8212;&#8212;&#8212;&#8212;&#8212;&#8212;&#8212;&#8212;&#8212;&#8212;&#8212;&#8212;&#8212;&#8212;&#8212;&#8212;&#8212;&#8212;&#8212;&#8212;&#8212;&#8212;&#8212;&#8212;&#8212;<\/p>\n<p><span style=\"color: #000000\"><strong><span style=\"color: #000080\"><span style=\"text-decoration: underline\">Doctorat<\/span><\/span><\/strong><strong><span style=\"color: #000080\"><img decoding=\"async\" class=\" wp-image-132 alignleft\" src=\"http:\/\/fsecsg.ummto.dz\/wp-content\/uploads\/2018\/01\/doctorat-1.png\" alt=\"\" width=\"93\" height=\"93\" srcset=\"https:\/\/www.ummto.dz\/fsecsg\/wp-content\/uploads\/2018\/01\/doctorat-1.png 100w, https:\/\/www.ummto.dz\/fsecsg\/wp-content\/uploads\/2018\/01\/doctorat-1-150x150.png 150w, https:\/\/www.ummto.dz\/fsecsg\/wp-content\/uploads\/2018\/01\/doctorat-1-160x160.png 160w, https:\/\/www.ummto.dz\/fsecsg\/wp-content\/uploads\/2018\/01\/doctorat-1-320x320.png 320w\" sizes=\"(max-width: 93px) 100vw, 93px\" \/><\/span><\/strong><\/span><\/p>\n<p><span style=\"color: #000000\">Cette rubrique\u00a0 est destin\u00e9e aux<strong>\u00a0\u00a0\u00bb \u00e9tudiants de doctorat\u00a0\u00bb<\/strong>\u00a0pour t\u00e9l\u00e9charger les Plannings des examens\u00a0 des diff\u00e9rents niveaux par fili\u00e8res et sp\u00e9cialit\u00e9s.<\/span><\/p>\n<p>&nbsp;<\/p>\n<p>&nbsp;[\/et_pb_text][\/et_pb_column]<br \/>\n\t\t\t[\/et_pb_row]<br \/>\n\t\t[\/et_pb_section]<\/p>\n","protected":false},"excerpt":{"rendered":"<p>\u00a01\u00e8re Ann\u00e9e LMD\u00a0 Cette rubrique\u00a0 est destin\u00e9e aux\u00a0\u00ab\u00a0\u00e9tudiants de 1 \u00e8re Ann\u00e9e LMD\u00a0\u00bb\u00a0 pour t\u00e9l\u00e9charger les Plannings des examens &#8212;&#8212;&#8212;&#8212;&#8212;&#8212;&#8212;&#8212;&#8212;&#8212;&#8212;&#8212;&#8212;&#8212;&#8212;&#8212;&#8212;&#8212;&#8212;&#8212;&#8212;&#8212;&#8212;&#8212;&#8212;&#8212;&#8212;&#8212;&#8212;&#8212;&#8212;&#8212;&#8212;&#8212;&#8212;&#8212;&#8212;&#8212;&#8212;&#8212;&#8212;&#8212;&#8212;&#8212;&#8212;&#8212;&#8212;&#8212;&#8212;&#8212;&#8212;- 2\u00e8me Ann\u00e9e LMD Cette rubrique\u00a0 est destin\u00e9e aux\u00a0\u00ab\u00a0\u00e9tudiants de\u00a0 2 \u00e8me Ann\u00e9e\u00a0 LMD\u00a0\u00bb\u00a0 pour t\u00e9l\u00e9charger les Plannings des examens\u00a0\u00a0 &#8212;&#8212;&#8212;&#8212;&#8212;&#8212;&#8212;&#8212;&#8212;&#8212;&#8212;&#8212;&#8212;&#8212;&#8212;&#8212;&#8212;&#8212;&#8212;&#8212;&#8212;&#8212;&#8212;&#8212;&#8212;&#8212;&#8212;&#8212;&#8212;&#8212;&#8212;&#8212;&#8212;&#8212;&#8212;&#8212;&#8212;&#8212;&#8212;&#8212;&#8212;&#8212;&#8212;&#8212;&#8212;&#8212;&#8212;&#8212;&#8212;&#8211;\u00a0 Licence Cette rubrique\u00a0 est destin\u00e9e aux\u00a0\u00ab\u00a0\u00e9tudiants de licence\u00a0\u00bb\u00a0 pour t\u00e9l\u00e9charger les Plannings des examens\u00a0 des [&hellip;]<\/p>\n","protected":false},"author":1,"featured_media":0,"parent":0,"menu_order":0,"comment_status":"closed","ping_status":"closed","template":"","meta":{"_et_pb_use_builder":"on","_et_pb_old_content":"<span style=\"color: #000080\"><strong><span style=\"text-decoration: underline\">\u00a0<img class=\"wp-image-2039 alignleft\" src=\"http:\/\/fsecsg.ummto.dz\/wp-content\/uploads\/2018\/04\/leadImage_large.jpg\" alt=\"\" width=\"89\" height=\"63\" \/><a style=\"color: #000080;text-decoration: underline\" href=\"https:\/\/www.ummto.dz\/fsecsg\/?page_id=2062\">1\u00e8re Ann\u00e9e LMD\u00a0<\/a><\/span><\/strong><\/span><span style=\"color: #000000\">\r\nCette rubrique\u00a0 est destin\u00e9e aux<strong>\u00a0\"\u00e9tudiants de 1 \u00e8re Ann\u00e9e LMD\"<\/strong>\u00a0 pour t\u00e9l\u00e9charger les Plannings des examens<\/span>\r\n\r\n----------------------------------------------------------------------------------------------------------------------------------------------------------\r\n\r\n<span style=\"text-decoration: underline\"><span style=\"color: #000080\"><strong><img class=\"wp-image-2133 alignleft\" src=\"http:\/\/fsecsg.ummto.dz\/wp-content\/uploads\/2018\/04\/t\u00e9l\u00e9chargement-4.jpg\" alt=\"\" width=\"106\" height=\"61\" \/><span style=\"color: #000080;text-decoration: underline\"><a style=\"color: #000080;text-decoration: underline\" href=\"https:\/\/www.ummto.dz\/fsecsg\/?page_id=2145\">2\u00e8me Ann\u00e9e LMD<\/a><\/span><\/strong><\/span><\/span>\r\n\r\n<span style=\"color: #000000\">Cette rubrique\u00a0 est destin\u00e9e aux<strong>\u00a0\"\u00e9tudiants de\u00a0 2 \u00e8me Ann\u00e9e\u00a0 LMD\"<\/strong>\u00a0 pour t\u00e9l\u00e9charger les Plannings des examens\u00a0\u00a0<\/span>\r\n\r\n<span style=\"color: #000000\">-----------------------------------------------------------------------------------------------------------------------------------------------------\u00a0<\/span>\r\n<p style=\"text-align: left\"><strong><span style=\"color: #000000\"><span style=\"color: #000080\"><span style=\"text-decoration: underline\"><img class=\"alignnone wp-image-134 alignleft\" src=\"http:\/\/fsecsg.ummto.dz\/wp-content\/uploads\/2018\/01\/Logo-LICENCE.png\" alt=\"\" width=\"97\" height=\"97\" \/><a href=\"https:\/\/www.ummto.dz\/fsecsg\/?page_id=2450\"><span style=\"color: #000080;text-decoration: underline\">Licence<\/span><\/a><\/span><\/span><\/span><\/strong><span style=\"color: #000000\">\r\n<span style=\"color: #000000\">Cette rubrique\u00a0 est destin\u00e9e aux<strong>\u00a0\"\u00e9tudiants de licence\"<\/strong>\u00a0 pour t\u00e9l\u00e9charger les Plannings des examens\u00a0 des diff\u00e9rents niveaux par fili\u00e8res et sp\u00e9cialit\u00e9s<\/span><\/span><\/p>\r\n&nbsp;\r\n\r\n------------------------------------------------------------------------------------------------------------------------------------------------------\r\n\r\n<span style=\"color: #000000\"><a href=\"https:\/\/www.ummto.dz\/fsecsg\/?page_id=5322\"><strong><span style=\"text-decoration: underline\"><span style=\"color: #000080;text-decoration: underline\"><span style=\"color: #000080\">Master<\/span><\/span><\/span><\/strong><\/a><strong style=\"color: #000000\"><span style=\"color: #000080\"><img class=\" wp-image-131 alignleft\" src=\"http:\/\/fsecsg.ummto.dz\/wp-content\/uploads\/2018\/01\/Logo-Master.png\" alt=\"\" width=\"94\" height=\"94\" \/><\/span><\/strong><\/span>\r\n\r\n<span style=\"color: #000000\">Cette rubrique\u00a0 est destin\u00e9e aux<strong>\u00a0\" \u00e9tudiants de master\"<\/strong>\u00a0pour t\u00e9l\u00e9charger les\u00a0 Plannings des examens des diff\u00e9rents niveaux par fili\u00e8res et sp\u00e9cialit\u00e9s.<\/span>\r\n\r\n&nbsp;\r\n\r\n------------------------------------------------------------------------------------------------------------------------------------------------------\r\n\r\n<span style=\"color: #000000\"><strong><span style=\"color: #000080\"><span style=\"text-decoration: underline\">Doctorat<\/span><\/span><\/strong><strong><span style=\"color: #000080\"><img class=\" wp-image-132 alignleft\" src=\"http:\/\/fsecsg.ummto.dz\/wp-content\/uploads\/2018\/01\/doctorat-1.png\" alt=\"\" width=\"93\" height=\"93\" \/><\/span><\/strong><\/span>\r\n\r\n<span style=\"color: #000000\">Cette rubrique\u00a0 est destin\u00e9e aux<strong>\u00a0\" \u00e9tudiants de doctorat\"<\/strong>\u00a0pour t\u00e9l\u00e9charger les Plannings des examens\u00a0 des diff\u00e9rents niveaux par fili\u00e8res et sp\u00e9cialit\u00e9s.<\/span>\r\n\r\n&nbsp;\r\n\r\n&nbsp;","_et_gb_content_width":"","footnotes":""},"class_list":["post-385","page","type-page","status-publish","hentry"],"yoast_head":"<!-- This site is optimized with the Yoast SEO plugin v27.3 - https:\/\/yoast.com\/product\/yoast-seo-wordpress\/ -->\n<title>Planning des examens &quot;Sciences Commerciales&quot; - Facult\u00e9 des Sciences Economiques, Commerciales et des Sciences de Gestion<\/title>\n<meta name=\"robots\" content=\"index, follow, max-snippet:-1, max-image-preview:large, max-video-preview:-1\" \/>\n<link rel=\"canonical\" href=\"https:\/\/www.ummto.dz\/fsecsg\/planning-des-examens-sciences-commerciales\/\" \/>\n<meta property=\"og:locale\" content=\"fr_FR\" \/>\n<meta property=\"og:type\" content=\"article\" \/>\n<meta property=\"og:title\" content=\"Planning des examens &quot;Sciences Commerciales&quot; - Facult\u00e9 des Sciences Economiques, Commerciales et des Sciences de Gestion\" \/>\n<meta property=\"og:description\" content=\"\u00a01\u00e8re Ann\u00e9e LMD\u00a0 Cette rubrique\u00a0 est destin\u00e9e aux\u00a0&quot;\u00e9tudiants de 1 \u00e8re Ann\u00e9e LMD&quot;\u00a0 pour t\u00e9l\u00e9charger les Plannings des examens ---------------------------------------------------------------------------------------------------------------------------------------------------------- 2\u00e8me Ann\u00e9e LMD Cette rubrique\u00a0 est destin\u00e9e aux\u00a0&quot;\u00e9tudiants de\u00a0 2 \u00e8me Ann\u00e9e\u00a0 LMD&quot;\u00a0 pour t\u00e9l\u00e9charger les Plannings des examens\u00a0\u00a0 -----------------------------------------------------------------------------------------------------------------------------------------------------\u00a0 Licence Cette rubrique\u00a0 est destin\u00e9e aux\u00a0&quot;\u00e9tudiants de licence&quot;\u00a0 pour t\u00e9l\u00e9charger les Plannings des examens\u00a0 des [&hellip;]\" \/>\n<meta property=\"og:url\" content=\"https:\/\/www.ummto.dz\/fsecsg\/planning-des-examens-sciences-commerciales\/\" \/>\n<meta property=\"og:site_name\" content=\"Facult\u00e9 des Sciences Economiques, Commerciales et des Sciences de Gestion\" \/>\n<meta property=\"article:modified_time\" content=\"2021-12-13T13:01:35+00:00\" \/>\n<meta property=\"og:image\" content=\"http:\/\/fsecsg.ummto.dz\/wp-content\/uploads\/2018\/04\/leadImage_large.jpg\" \/>\n<meta name=\"twitter:card\" content=\"summary_large_image\" \/>\n<meta name=\"twitter:label1\" content=\"Dur\u00e9e de lecture estim\u00e9e\" \/>\n\t<meta name=\"twitter:data1\" content=\"2 minutes\" \/>\n<script type=\"application\/ld+json\" class=\"yoast-schema-graph\">{\"@context\":\"https:\\\/\\\/schema.org\",\"@graph\":[{\"@type\":\"WebPage\",\"@id\":\"https:\\\/\\\/www.ummto.dz\\\/fsecsg\\\/planning-des-examens-sciences-commerciales\\\/\",\"url\":\"https:\\\/\\\/www.ummto.dz\\\/fsecsg\\\/planning-des-examens-sciences-commerciales\\\/\",\"name\":\"Planning des examens \\\"Sciences Commerciales\\\" - Facult\u00e9 des Sciences Economiques, Commerciales et des Sciences de Gestion\",\"isPartOf\":{\"@id\":\"https:\\\/\\\/www.ummto.dz\\\/fsecsg\\\/#website\"},\"primaryImageOfPage\":{\"@id\":\"https:\\\/\\\/www.ummto.dz\\\/fsecsg\\\/planning-des-examens-sciences-commerciales\\\/#primaryimage\"},\"image\":{\"@id\":\"https:\\\/\\\/www.ummto.dz\\\/fsecsg\\\/planning-des-examens-sciences-commerciales\\\/#primaryimage\"},\"thumbnailUrl\":\"http:\\\/\\\/fsecsg.ummto.dz\\\/wp-content\\\/uploads\\\/2018\\\/04\\\/leadImage_large.jpg\",\"datePublished\":\"2018-03-01T13:24:03+00:00\",\"dateModified\":\"2021-12-13T13:01:35+00:00\",\"breadcrumb\":{\"@id\":\"https:\\\/\\\/www.ummto.dz\\\/fsecsg\\\/planning-des-examens-sciences-commerciales\\\/#breadcrumb\"},\"inLanguage\":\"fr-FR\",\"potentialAction\":[{\"@type\":\"ReadAction\",\"target\":[\"https:\\\/\\\/www.ummto.dz\\\/fsecsg\\\/planning-des-examens-sciences-commerciales\\\/\"]}]},{\"@type\":\"ImageObject\",\"inLanguage\":\"fr-FR\",\"@id\":\"https:\\\/\\\/www.ummto.dz\\\/fsecsg\\\/planning-des-examens-sciences-commerciales\\\/#primaryimage\",\"url\":\"http:\\\/\\\/fsecsg.ummto.dz\\\/wp-content\\\/uploads\\\/2018\\\/04\\\/leadImage_large.jpg\",\"contentUrl\":\"http:\\\/\\\/fsecsg.ummto.dz\\\/wp-content\\\/uploads\\\/2018\\\/04\\\/leadImage_large.jpg\"},{\"@type\":\"BreadcrumbList\",\"@id\":\"https:\\\/\\\/www.ummto.dz\\\/fsecsg\\\/planning-des-examens-sciences-commerciales\\\/#breadcrumb\",\"itemListElement\":[{\"@type\":\"ListItem\",\"position\":1,\"name\":\"Accueil\",\"item\":\"https:\\\/\\\/www.ummto.dz\\\/fsecsg\\\/\"},{\"@type\":\"ListItem\",\"position\":2,\"name\":\"Planning des examens &#8220;Sciences Commerciales&#8221;\"}]},{\"@type\":\"WebSite\",\"@id\":\"https:\\\/\\\/www.ummto.dz\\\/fsecsg\\\/#website\",\"url\":\"https:\\\/\\\/www.ummto.dz\\\/fsecsg\\\/\",\"name\":\"Facult\u00e9 des Sciences Economiques, Commerciales et des Sciences de Gestion\",\"description\":\"Universit\u00e9 Mouloud Mammeri de Tizi Ouzou\",\"potentialAction\":[{\"@type\":\"SearchAction\",\"target\":{\"@type\":\"EntryPoint\",\"urlTemplate\":\"https:\\\/\\\/www.ummto.dz\\\/fsecsg\\\/?s={search_term_string}\"},\"query-input\":{\"@type\":\"PropertyValueSpecification\",\"valueRequired\":true,\"valueName\":\"search_term_string\"}}],\"inLanguage\":\"fr-FR\"}]}<\/script>\n<!-- \/ Yoast SEO plugin. -->","yoast_head_json":{"title":"Planning des examens \"Sciences Commerciales\" - Facult\u00e9 des Sciences Economiques, Commerciales et des Sciences de Gestion","robots":{"index":"index","follow":"follow","max-snippet":"max-snippet:-1","max-image-preview":"max-image-preview:large","max-video-preview":"max-video-preview:-1"},"canonical":"https:\/\/www.ummto.dz\/fsecsg\/planning-des-examens-sciences-commerciales\/","og_locale":"fr_FR","og_type":"article","og_title":"Planning des examens \"Sciences Commerciales\" - Facult\u00e9 des Sciences Economiques, Commerciales et des Sciences de Gestion","og_description":"\u00a01\u00e8re Ann\u00e9e LMD\u00a0 Cette rubrique\u00a0 est destin\u00e9e aux\u00a0\"\u00e9tudiants de 1 \u00e8re Ann\u00e9e LMD\"\u00a0 pour t\u00e9l\u00e9charger les Plannings des examens ---------------------------------------------------------------------------------------------------------------------------------------------------------- 2\u00e8me Ann\u00e9e LMD Cette rubrique\u00a0 est destin\u00e9e aux\u00a0\"\u00e9tudiants de\u00a0 2 \u00e8me Ann\u00e9e\u00a0 LMD\"\u00a0 pour t\u00e9l\u00e9charger les Plannings des examens\u00a0\u00a0 -----------------------------------------------------------------------------------------------------------------------------------------------------\u00a0 Licence Cette rubrique\u00a0 est destin\u00e9e aux\u00a0\"\u00e9tudiants de licence\"\u00a0 pour t\u00e9l\u00e9charger les Plannings des examens\u00a0 des [&hellip;]","og_url":"https:\/\/www.ummto.dz\/fsecsg\/planning-des-examens-sciences-commerciales\/","og_site_name":"Facult\u00e9 des Sciences Economiques, Commerciales et des Sciences de Gestion","article_modified_time":"2021-12-13T13:01:35+00:00","og_image":[{"url":"http:\/\/fsecsg.ummto.dz\/wp-content\/uploads\/2018\/04\/leadImage_large.jpg","type":"","width":"","height":""}],"twitter_card":"summary_large_image","twitter_misc":{"Dur\u00e9e de lecture estim\u00e9e":"2 minutes"},"schema":{"@context":"https:\/\/schema.org","@graph":[{"@type":"WebPage","@id":"https:\/\/www.ummto.dz\/fsecsg\/planning-des-examens-sciences-commerciales\/","url":"https:\/\/www.ummto.dz\/fsecsg\/planning-des-examens-sciences-commerciales\/","name":"Planning des examens \"Sciences Commerciales\" - Facult\u00e9 des Sciences Economiques, Commerciales et des Sciences de Gestion","isPartOf":{"@id":"https:\/\/www.ummto.dz\/fsecsg\/#website"},"primaryImageOfPage":{"@id":"https:\/\/www.ummto.dz\/fsecsg\/planning-des-examens-sciences-commerciales\/#primaryimage"},"image":{"@id":"https:\/\/www.ummto.dz\/fsecsg\/planning-des-examens-sciences-commerciales\/#primaryimage"},"thumbnailUrl":"http:\/\/fsecsg.ummto.dz\/wp-content\/uploads\/2018\/04\/leadImage_large.jpg","datePublished":"2018-03-01T13:24:03+00:00","dateModified":"2021-12-13T13:01:35+00:00","breadcrumb":{"@id":"https:\/\/www.ummto.dz\/fsecsg\/planning-des-examens-sciences-commerciales\/#breadcrumb"},"inLanguage":"fr-FR","potentialAction":[{"@type":"ReadAction","target":["https:\/\/www.ummto.dz\/fsecsg\/planning-des-examens-sciences-commerciales\/"]}]},{"@type":"ImageObject","inLanguage":"fr-FR","@id":"https:\/\/www.ummto.dz\/fsecsg\/planning-des-examens-sciences-commerciales\/#primaryimage","url":"http:\/\/fsecsg.ummto.dz\/wp-content\/uploads\/2018\/04\/leadImage_large.jpg","contentUrl":"http:\/\/fsecsg.ummto.dz\/wp-content\/uploads\/2018\/04\/leadImage_large.jpg"},{"@type":"BreadcrumbList","@id":"https:\/\/www.ummto.dz\/fsecsg\/planning-des-examens-sciences-commerciales\/#breadcrumb","itemListElement":[{"@type":"ListItem","position":1,"name":"Accueil","item":"https:\/\/www.ummto.dz\/fsecsg\/"},{"@type":"ListItem","position":2,"name":"Planning des examens &#8220;Sciences Commerciales&#8221;"}]},{"@type":"WebSite","@id":"https:\/\/www.ummto.dz\/fsecsg\/#website","url":"https:\/\/www.ummto.dz\/fsecsg\/","name":"Facult\u00e9 des Sciences Economiques, Commerciales et des Sciences de Gestion","description":"Universit\u00e9 Mouloud Mammeri de Tizi Ouzou","potentialAction":[{"@type":"SearchAction","target":{"@type":"EntryPoint","urlTemplate":"https:\/\/www.ummto.dz\/fsecsg\/?s={search_term_string}"},"query-input":{"@type":"PropertyValueSpecification","valueRequired":true,"valueName":"search_term_string"}}],"inLanguage":"fr-FR"}]}},"_links":{"self":[{"href":"https:\/\/www.ummto.dz\/fsecsg\/wp-json\/wp\/v2\/pages\/385","targetHints":{"allow":["GET"]}}],"collection":[{"href":"https:\/\/www.ummto.dz\/fsecsg\/wp-json\/wp\/v2\/pages"}],"about":[{"href":"https:\/\/www.ummto.dz\/fsecsg\/wp-json\/wp\/v2\/types\/page"}],"author":[{"embeddable":true,"href":"https:\/\/www.ummto.dz\/fsecsg\/wp-json\/wp\/v2\/users\/1"}],"replies":[{"embeddable":true,"href":"https:\/\/www.ummto.dz\/fsecsg\/wp-json\/wp\/v2\/comments?post=385"}],"version-history":[{"count":17,"href":"https:\/\/www.ummto.dz\/fsecsg\/wp-json\/wp\/v2\/pages\/385\/revisions"}],"predecessor-version":[{"id":51120,"href":"https:\/\/www.ummto.dz\/fsecsg\/wp-json\/wp\/v2\/pages\/385\/revisions\/51120"}],"wp:attachment":[{"href":"https:\/\/www.ummto.dz\/fsecsg\/wp-json\/wp\/v2\/media?parent=385"}],"curies":[{"name":"wp","href":"https:\/\/api.w.org\/{rel}","templated":true}]}}