{"id":42902,"date":"2021-07-13T12:19:04","date_gmt":"2021-07-13T10:19:04","guid":{"rendered":"http:\/\/fsecsg.ummto.dz\/?page_id=42902"},"modified":"2021-11-01T12:52:37","modified_gmt":"2021-11-01T11:52:37","slug":"p-e-1-sc","status":"publish","type":"page","link":"https:\/\/www.ummto.dz\/fsecsg\/p-e-1-sc\/","title":{"rendered":"P.E. 1 SC"},"content":{"rendered":"<h5><span style=\"color: #000000\"><span style=\"font-size: 14pt;font-family: 'arial black', sans-serif\"><strong><a href=\"https:\/\/www.ummto.dz\/fsecsg\/wp-content\/uploads\/2021\/10\/rattrapage1ere-annee-2021-2.pdf\">Planning des examens de rattrapage S1 et S2\u00a0 L1<\/a><\/strong><\/span><\/span><\/h5>\n<p><a href=\"https:\/\/www.ummto.dz\/fsecsg\/wp-content\/uploads\/2021\/10\/dettes-1ere-annee-2021.pdf\"><span style=\"color: #000000\"><span style=\"font-size: 14pt;font-family: 'arial black', sans-serif\"><strong>Planning des examens de dettes 2\u00e8me session S1 et S2\u00a0 L1<\/strong><\/span><\/span><\/a><\/p>\n<div><span style=\"font-size: 14pt;font-family: 'arial black', sans-serif;color: #000000\"><strong> <strong style=\"color: #000000\"><span style=\"color: #ff0000\"><img decoding=\"async\" class=\" wp-image-43459 alignleft\" src=\"http:\/\/fsecsg.ummto.dz\/wp-content\/uploads\/2021\/09\/examen-algemeen-320x320-1-150x104.jpg\" alt=\"\" width=\"125\" height=\"87\" \/><\/span><\/strong>Les \u00e9tudiants de<span style=\"color: #0000ff\"> 1\u00e8re ann\u00e9e LMD section I<\/span>:\u00a0Les <span style=\"color: #ff0000\">examens de remplacement<\/span>\u00a0<span style=\"color: #ff0000\"><u>Stat 1, Stat 2\u00a0<\/u><\/span>sont programm\u00e9s pour le\u00a0<span style=\"color: #ff0000\">Dimanche\u00a010\/10\/2021<\/span>\u00a0\u00e0\u00a0<span style=\"color: #ff0000\">12h00 <\/span>\u00a0\u00e0 la <span style=\"color: #339966\">salle 7 SC.<\/span><\/strong><\/span><\/div>\n<div><\/div>\n<div><\/div>\n<p><span style=\"font-size: 14pt;font-family: 'arial black', sans-serif;color: #000000\"><strong style=\"color: #000000\"><span style=\"color: #ff0000\"><img decoding=\"async\" class=\" wp-image-43459 alignleft\" src=\"http:\/\/fsecsg.ummto.dz\/wp-content\/uploads\/2021\/09\/examen-algemeen-320x320-1-150x104.jpg\" alt=\"\" width=\"125\" height=\"87\" \/><\/span><\/strong><a style=\"color: #000000\" href=\"http:\/\/fsecsg.ummto.dz\/wp-content\/uploads\/2021\/10\/EXAMEN-DE-REMPLACEMENT-SC.pdf\"><strong><span style=\"color: #0000ff\">Examen de remplacement<\/span> de <span style=\"color: #ff0000\">1\u00e8re ann\u00e9e LMD S1 et S2<\/span> \u00a0est programm\u00e9 pour le <span style=\"color: #ff0000\">Dimanche 10\/10\/2021 <\/span>au <span style=\"color: #ff0000\">Mardi 13\/10\/2021<\/span>.<\/strong><\/a><\/span><\/p>\n<p>&nbsp;<\/p>\n<ul>\n<li><strong><span style=\"color: #000000;font-size: 14pt\"><span style=\"font-family: 'arial black', sans-serif;color: #000000\"><span style=\"font-size: 14pt\"><img decoding=\"async\" class=\"alignnone size-full wp-image-31467\" src=\"http:\/\/fsecsg.ummto.dz\/wp-content\/uploads\/2020\/12\/rubon7903-ed895.gif\" alt=\"\" width=\"55\" height=\"55\" srcset=\"https:\/\/www.ummto.dz\/fsecsg\/wp-content\/uploads\/2020\/12\/rubon7903-ed895.gif 55w, https:\/\/www.ummto.dz\/fsecsg\/wp-content\/uploads\/2020\/12\/rubon7903-ed895-45x45.gif 45w\" sizes=\"(max-width: 55px) 100vw, 55px\" \/><span style=\"text-decoration: underline\"><span style=\"color: #0000ff;text-decoration: underline\">Nouveau Planning des examens semestre 1 et semestre 2 :<\/span><\/span><\/span><\/span><\/span><\/strong><\/li>\n<\/ul>\n<p><span style=\"color: #000000\"><a style=\"color: #000000\" href=\"http:\/\/fsecsg.ummto.dz\/wp-content\/uploads\/2021\/09\/Planning-des-examens-1ere-LMD-S01-_1_.pdf\"><span style=\"font-family: 'arial black', sans-serif\"><strong><span style=\"font-size: 14pt\">Nouveau Planning des examens semestre 1 \/<\/span><\/strong><\/span><\/a><\/span><span style=\"color: #0000ff\"><a style=\"color: #0000ff\" href=\"http:\/\/fsecsg.ummto.dz\/wp-content\/uploads\/2021\/09\/L1-sc.pdf\"><span style=\"font-size: 14pt;font-family: 'arial black', sans-serif\"><strong>Lieux d&rsquo;examens \/<\/strong><\/span><\/a><\/span><span style=\"color: #ff0000;font-family: 'arial black', sans-serif\"><a style=\"color: #ff0000\" href=\"http:\/\/fsecsg.ummto.dz\/wp-content\/uploads\/2021\/09\/groupes-des-1ere-annees-SC.pdf\"><span style=\"font-size: 14pt\"><strong>Liste des \u00e9tudiants\u00a0<\/strong><\/span><\/a><\/span><\/p>\n<p><span style=\"color: #000000\"><a style=\"color: #000000\" href=\"http:\/\/fsecsg.ummto.dz\/wp-content\/uploads\/2021\/09\/Planning-des-examens-1ere-LMD-S02-_1_.pdf\"><span style=\"font-size: 14pt;font-family: 'arial black', sans-serif\"><strong>Nouveau Planning des examens semestre 2 \/<\/strong><\/span><\/a><\/span><span style=\"color: #0000ff\"><a style=\"color: #0000ff\" href=\"http:\/\/fsecsg.ummto.dz\/wp-content\/uploads\/2021\/09\/L1-sc.pdf\"><span style=\"font-size: 14pt;font-family: 'arial black', sans-serif\"><strong>Lieux d&rsquo;examens\u00a0<\/strong><\/span><\/a><\/span><\/p>\n<p><span style=\"color: #000000\"><a style=\"color: #000000\" href=\"http:\/\/fsecsg.ummto.dz\/wp-content\/uploads\/2021\/09\/Planning-des-examens-dettes-1ere-LMD-S1S2.pdf\"><strong><span style=\"font-size: 14pt\"><span style=\"font-family: 'arial black', sans-serif\">Nouveau Planning des examens de <span style=\"color: #ff0000\">dettes semestre 1<\/span> de 1\u00e8re Ann\u00e9e LMD<\/span><\/span><\/strong><\/a><\/span><\/p>\n<ul>\n<li><span style=\"color: #0000ff\"><a style=\"color: #0000ff\" href=\"http:\/\/fsecsg.ummto.dz\/wp-content\/uploads\/2021\/09\/Lieux-1TC-dettes.pdf\"><span style=\"font-size: 14pt;font-family: 'arial black', sans-serif\"><strong>Lieux d&rsquo;examens de dettes (S1+S2)<\/strong><\/span><\/a><\/span><\/li>\n<\/ul>\n<p><span style=\"color: #000000\"><a style=\"color: #000000\" href=\"http:\/\/fsecsg.ummto.dz\/wp-content\/uploads\/2021\/09\/Planning-des-examens-dettes-1ere-LMD-S2.pdf\"><strong><span style=\"font-size: 14pt\"><span style=\"font-family: 'arial black', sans-serif\">Nouveau Planning des examens de <\/span><\/span><\/strong><strong><span style=\"font-size: 14pt\"><span style=\"font-family: 'arial black', sans-serif\"><span style=\"color: #ff0000\">dettes semestre 2<\/span> de 1\u00e8re Ann\u00e9e LMD<\/span><\/span><\/strong><\/a><\/span><\/p>\n","protected":false},"excerpt":{"rendered":"<p>Planning des examens de rattrapage S1 et S2\u00a0 L1 Planning des examens de dettes 2\u00e8me session S1 et S2\u00a0 L1 Les \u00e9tudiants de 1\u00e8re ann\u00e9e LMD section I:\u00a0Les examens de remplacement\u00a0Stat 1, Stat 2\u00a0sont programm\u00e9s pour le\u00a0Dimanche\u00a010\/10\/2021\u00a0\u00e0\u00a012h00 \u00a0\u00e0 la salle 7 SC. Examen de remplacement de 1\u00e8re ann\u00e9e LMD S1 et S2 \u00a0est programm\u00e9 pour [&hellip;]<\/p>\n","protected":false},"author":1,"featured_media":0,"parent":0,"menu_order":0,"comment_status":"closed","ping_status":"closed","template":"","meta":{"_et_pb_use_builder":"","_et_pb_old_content":"","_et_gb_content_width":"","footnotes":""},"class_list":["post-42902","page","type-page","status-publish","hentry"],"yoast_head":"<!-- This site is optimized with the Yoast SEO plugin v27.3 - https:\/\/yoast.com\/product\/yoast-seo-wordpress\/ -->\n<title>P.E. 1 SC - Facult\u00e9 des Sciences Economiques, Commerciales et des Sciences de Gestion<\/title>\n<meta name=\"robots\" content=\"index, follow, max-snippet:-1, max-image-preview:large, max-video-preview:-1\" \/>\n<link rel=\"canonical\" href=\"https:\/\/www.ummto.dz\/fsecsg\/p-e-1-sc\/\" \/>\n<meta property=\"og:locale\" content=\"fr_FR\" \/>\n<meta property=\"og:type\" content=\"article\" \/>\n<meta property=\"og:title\" content=\"P.E. 1 SC - Facult\u00e9 des Sciences Economiques, Commerciales et des Sciences de Gestion\" \/>\n<meta property=\"og:description\" content=\"Planning des examens de rattrapage S1 et S2\u00a0 L1 Planning des examens de dettes 2\u00e8me session S1 et S2\u00a0 L1 Les \u00e9tudiants de 1\u00e8re ann\u00e9e LMD section I:\u00a0Les examens de remplacement\u00a0Stat 1, Stat 2\u00a0sont programm\u00e9s pour le\u00a0Dimanche\u00a010\/10\/2021\u00a0\u00e0\u00a012h00 \u00a0\u00e0 la salle 7 SC. Examen de remplacement de 1\u00e8re ann\u00e9e LMD S1 et S2 \u00a0est programm\u00e9 pour [&hellip;]\" \/>\n<meta property=\"og:url\" content=\"https:\/\/www.ummto.dz\/fsecsg\/p-e-1-sc\/\" \/>\n<meta property=\"og:site_name\" content=\"Facult\u00e9 des Sciences Economiques, Commerciales et des Sciences de Gestion\" \/>\n<meta property=\"article:modified_time\" content=\"2021-11-01T11:52:37+00:00\" \/>\n<meta property=\"og:image\" content=\"http:\/\/fsecsg.ummto.dz\/wp-content\/uploads\/2021\/09\/examen-algemeen-320x320-1-150x104.jpg\" \/>\n<meta name=\"twitter:card\" content=\"summary_large_image\" \/>\n<meta name=\"twitter:label1\" content=\"Dur\u00e9e de lecture estim\u00e9e\" \/>\n\t<meta name=\"twitter:data1\" content=\"2 minutes\" \/>\n<script type=\"application\/ld+json\" class=\"yoast-schema-graph\">{\"@context\":\"https:\\\/\\\/schema.org\",\"@graph\":[{\"@type\":\"WebPage\",\"@id\":\"https:\\\/\\\/www.ummto.dz\\\/fsecsg\\\/p-e-1-sc\\\/\",\"url\":\"https:\\\/\\\/www.ummto.dz\\\/fsecsg\\\/p-e-1-sc\\\/\",\"name\":\"P.E. 1 SC - Facult\u00e9 des Sciences Economiques, Commerciales et des Sciences de Gestion\",\"isPartOf\":{\"@id\":\"https:\\\/\\\/www.ummto.dz\\\/fsecsg\\\/#website\"},\"primaryImageOfPage\":{\"@id\":\"https:\\\/\\\/www.ummto.dz\\\/fsecsg\\\/p-e-1-sc\\\/#primaryimage\"},\"image\":{\"@id\":\"https:\\\/\\\/www.ummto.dz\\\/fsecsg\\\/p-e-1-sc\\\/#primaryimage\"},\"thumbnailUrl\":\"http:\\\/\\\/fsecsg.ummto.dz\\\/wp-content\\\/uploads\\\/2021\\\/09\\\/examen-algemeen-320x320-1-150x104.jpg\",\"datePublished\":\"2021-07-13T10:19:04+00:00\",\"dateModified\":\"2021-11-01T11:52:37+00:00\",\"breadcrumb\":{\"@id\":\"https:\\\/\\\/www.ummto.dz\\\/fsecsg\\\/p-e-1-sc\\\/#breadcrumb\"},\"inLanguage\":\"fr-FR\",\"potentialAction\":[{\"@type\":\"ReadAction\",\"target\":[\"https:\\\/\\\/www.ummto.dz\\\/fsecsg\\\/p-e-1-sc\\\/\"]}]},{\"@type\":\"ImageObject\",\"inLanguage\":\"fr-FR\",\"@id\":\"https:\\\/\\\/www.ummto.dz\\\/fsecsg\\\/p-e-1-sc\\\/#primaryimage\",\"url\":\"http:\\\/\\\/fsecsg.ummto.dz\\\/wp-content\\\/uploads\\\/2021\\\/09\\\/examen-algemeen-320x320-1-150x104.jpg\",\"contentUrl\":\"http:\\\/\\\/fsecsg.ummto.dz\\\/wp-content\\\/uploads\\\/2021\\\/09\\\/examen-algemeen-320x320-1-150x104.jpg\"},{\"@type\":\"BreadcrumbList\",\"@id\":\"https:\\\/\\\/www.ummto.dz\\\/fsecsg\\\/p-e-1-sc\\\/#breadcrumb\",\"itemListElement\":[{\"@type\":\"ListItem\",\"position\":1,\"name\":\"Accueil\",\"item\":\"https:\\\/\\\/www.ummto.dz\\\/fsecsg\\\/\"},{\"@type\":\"ListItem\",\"position\":2,\"name\":\"P.E. 1 SC\"}]},{\"@type\":\"WebSite\",\"@id\":\"https:\\\/\\\/www.ummto.dz\\\/fsecsg\\\/#website\",\"url\":\"https:\\\/\\\/www.ummto.dz\\\/fsecsg\\\/\",\"name\":\"Facult\u00e9 des Sciences Economiques, Commerciales et des Sciences de Gestion\",\"description\":\"Universit\u00e9 Mouloud Mammeri de Tizi Ouzou\",\"potentialAction\":[{\"@type\":\"SearchAction\",\"target\":{\"@type\":\"EntryPoint\",\"urlTemplate\":\"https:\\\/\\\/www.ummto.dz\\\/fsecsg\\\/?s={search_term_string}\"},\"query-input\":{\"@type\":\"PropertyValueSpecification\",\"valueRequired\":true,\"valueName\":\"search_term_string\"}}],\"inLanguage\":\"fr-FR\"}]}<\/script>\n<!-- \/ Yoast SEO plugin. -->","yoast_head_json":{"title":"P.E. 1 SC - Facult\u00e9 des Sciences Economiques, Commerciales et des Sciences de Gestion","robots":{"index":"index","follow":"follow","max-snippet":"max-snippet:-1","max-image-preview":"max-image-preview:large","max-video-preview":"max-video-preview:-1"},"canonical":"https:\/\/www.ummto.dz\/fsecsg\/p-e-1-sc\/","og_locale":"fr_FR","og_type":"article","og_title":"P.E. 1 SC - Facult\u00e9 des Sciences Economiques, Commerciales et des Sciences de Gestion","og_description":"Planning des examens de rattrapage S1 et S2\u00a0 L1 Planning des examens de dettes 2\u00e8me session S1 et S2\u00a0 L1 Les \u00e9tudiants de 1\u00e8re ann\u00e9e LMD section I:\u00a0Les examens de remplacement\u00a0Stat 1, Stat 2\u00a0sont programm\u00e9s pour le\u00a0Dimanche\u00a010\/10\/2021\u00a0\u00e0\u00a012h00 \u00a0\u00e0 la salle 7 SC. Examen de remplacement de 1\u00e8re ann\u00e9e LMD S1 et S2 \u00a0est programm\u00e9 pour [&hellip;]","og_url":"https:\/\/www.ummto.dz\/fsecsg\/p-e-1-sc\/","og_site_name":"Facult\u00e9 des Sciences Economiques, Commerciales et des Sciences de Gestion","article_modified_time":"2021-11-01T11:52:37+00:00","og_image":[{"url":"http:\/\/fsecsg.ummto.dz\/wp-content\/uploads\/2021\/09\/examen-algemeen-320x320-1-150x104.jpg","type":"","width":"","height":""}],"twitter_card":"summary_large_image","twitter_misc":{"Dur\u00e9e de lecture estim\u00e9e":"2 minutes"},"schema":{"@context":"https:\/\/schema.org","@graph":[{"@type":"WebPage","@id":"https:\/\/www.ummto.dz\/fsecsg\/p-e-1-sc\/","url":"https:\/\/www.ummto.dz\/fsecsg\/p-e-1-sc\/","name":"P.E. 1 SC - Facult\u00e9 des Sciences Economiques, Commerciales et des Sciences de Gestion","isPartOf":{"@id":"https:\/\/www.ummto.dz\/fsecsg\/#website"},"primaryImageOfPage":{"@id":"https:\/\/www.ummto.dz\/fsecsg\/p-e-1-sc\/#primaryimage"},"image":{"@id":"https:\/\/www.ummto.dz\/fsecsg\/p-e-1-sc\/#primaryimage"},"thumbnailUrl":"http:\/\/fsecsg.ummto.dz\/wp-content\/uploads\/2021\/09\/examen-algemeen-320x320-1-150x104.jpg","datePublished":"2021-07-13T10:19:04+00:00","dateModified":"2021-11-01T11:52:37+00:00","breadcrumb":{"@id":"https:\/\/www.ummto.dz\/fsecsg\/p-e-1-sc\/#breadcrumb"},"inLanguage":"fr-FR","potentialAction":[{"@type":"ReadAction","target":["https:\/\/www.ummto.dz\/fsecsg\/p-e-1-sc\/"]}]},{"@type":"ImageObject","inLanguage":"fr-FR","@id":"https:\/\/www.ummto.dz\/fsecsg\/p-e-1-sc\/#primaryimage","url":"http:\/\/fsecsg.ummto.dz\/wp-content\/uploads\/2021\/09\/examen-algemeen-320x320-1-150x104.jpg","contentUrl":"http:\/\/fsecsg.ummto.dz\/wp-content\/uploads\/2021\/09\/examen-algemeen-320x320-1-150x104.jpg"},{"@type":"BreadcrumbList","@id":"https:\/\/www.ummto.dz\/fsecsg\/p-e-1-sc\/#breadcrumb","itemListElement":[{"@type":"ListItem","position":1,"name":"Accueil","item":"https:\/\/www.ummto.dz\/fsecsg\/"},{"@type":"ListItem","position":2,"name":"P.E. 1 SC"}]},{"@type":"WebSite","@id":"https:\/\/www.ummto.dz\/fsecsg\/#website","url":"https:\/\/www.ummto.dz\/fsecsg\/","name":"Facult\u00e9 des Sciences Economiques, Commerciales et des Sciences de Gestion","description":"Universit\u00e9 Mouloud Mammeri de Tizi Ouzou","potentialAction":[{"@type":"SearchAction","target":{"@type":"EntryPoint","urlTemplate":"https:\/\/www.ummto.dz\/fsecsg\/?s={search_term_string}"},"query-input":{"@type":"PropertyValueSpecification","valueRequired":true,"valueName":"search_term_string"}}],"inLanguage":"fr-FR"}]}},"_links":{"self":[{"href":"https:\/\/www.ummto.dz\/fsecsg\/wp-json\/wp\/v2\/pages\/42902","targetHints":{"allow":["GET"]}}],"collection":[{"href":"https:\/\/www.ummto.dz\/fsecsg\/wp-json\/wp\/v2\/pages"}],"about":[{"href":"https:\/\/www.ummto.dz\/fsecsg\/wp-json\/wp\/v2\/types\/page"}],"author":[{"embeddable":true,"href":"https:\/\/www.ummto.dz\/fsecsg\/wp-json\/wp\/v2\/users\/1"}],"replies":[{"embeddable":true,"href":"https:\/\/www.ummto.dz\/fsecsg\/wp-json\/wp\/v2\/comments?post=42902"}],"version-history":[{"count":13,"href":"https:\/\/www.ummto.dz\/fsecsg\/wp-json\/wp\/v2\/pages\/42902\/revisions"}],"predecessor-version":[{"id":47464,"href":"https:\/\/www.ummto.dz\/fsecsg\/wp-json\/wp\/v2\/pages\/42902\/revisions\/47464"}],"wp:attachment":[{"href":"https:\/\/www.ummto.dz\/fsecsg\/wp-json\/wp\/v2\/media?parent=42902"}],"curies":[{"name":"wp","href":"https:\/\/api.w.org\/{rel}","templated":true}]}}