{"id":5327,"date":"2018-06-13T15:06:19","date_gmt":"2018-06-13T13:06:19","guid":{"rendered":"http:\/\/fsecsg.ummto.dz\/?page_id=5327"},"modified":"2019-11-24T17:14:44","modified_gmt":"2019-11-24T16:14:44","slug":"bibliotheque","status":"publish","type":"page","link":"https:\/\/www.ummto.dz\/fsecsg\/bibliotheque\/","title":{"rendered":"Biblioth\u00e8que"},"content":{"rendered":"<ul>\n<li>\n<p class=\"post-title entry-title\"><span style=\"color: #000000;\"><a style=\"color: #000000;\" href=\"http:\/\/fsecsg.ummto.dz\/wp-content\/uploads\/2019\/11\/AVIS-AUX-ETUDIANTS.pdf\"><span style=\"font-size: 14pt;\"><strong><span style=\"font-family: 'times new roman', times, serif;\"><img decoding=\"async\" class=\"alignnone  wp-image-14039\" src=\"http:\/\/fsecsg.ummto.dz\/wp-content\/uploads\/2019\/07\/t\u00e9l\u00e9chargement-320x320.jpg\" alt=\"\" width=\"124\" height=\"60\" \/>D\u00e9lai d\u2019inscriptions et r\u00e9inscriptions aux \u00e9tudiants \u00e0 la biblioth\u00e8que \u00e0 partir de<span style=\"color: #ff0000;\"> Lundi 25\/11\/2019<\/span><\/span><\/strong><\/span><\/a><\/span><\/p>\n<\/li>\n<li>\n<p class=\"post-title entry-title\"><a href=\"http:\/\/fsecsg.ummto.dz\/wp-content\/uploads\/2019\/07\/Photo-pleine-page-12.pdf\"><span style=\"font-size: 18pt; font-family: 'times new roman', times, serif;\"><span style=\"color: #000000;\"><img decoding=\"async\" class=\"alignnone wp-image-14039\" src=\"http:\/\/fsecsg.ummto.dz\/wp-content\/uploads\/2019\/07\/t\u00e9l\u00e9chargement-320x320.jpg\" alt=\"\" width=\"137\" height=\"66\" \/><span style=\"font-size: 14pt;\"><strong>Avis aux \u00e9tudiants (es) ( Master 2) : L\u2019ouverture de la salle des p\u00e9riodiques pour le pr\u00eat int\u00e9rieur des m\u00e9moires et quitus du Lundi 15\/07\/2019 au Jeudi 25\/07\/2019<\/strong><\/span><\/span><\/span><\/a><\/p>\n<\/li>\n<li><span style=\"color: #000000;\"><a style=\"color: #000000;\" href=\"http:\/\/fsecsg.ummto.dz\/wp-content\/uploads\/2019\/07\/1-5.pdf\"><span style=\"font-size: 14pt;\"><strong><img decoding=\"async\" class=\"alignnone wp-image-14039\" src=\"http:\/\/fsecsg.ummto.dz\/wp-content\/uploads\/2019\/07\/t\u00e9l\u00e9chargement-320x320.jpg\" alt=\"\" width=\"121\" height=\"58\" \/><span style=\"font-family: 'times new roman', times, serif; font-size: 18pt;\">A<span style=\"font-size: 14pt;\">vis aux enseignants et \u00e9tudiants (es) (Master et Doctorat ): Pr\u00eat des ouvrages pour la p\u00e9riode des cong\u00e9s<\/span><\/span><\/strong><\/span><\/a><\/span><\/li>\n<\/ul>\n<p>&nbsp;<\/p>\n<ul>\n<li><span style=\"color: #000000;\"><strong><a style=\"color: #000000;\" href=\"http:\/\/fsecsg.ummto.dz\/wp-content\/uploads\/2019\/07\/avis-aux-\u00e9tudiants.docx\">avis aux \u00e9tudiants<\/a><\/strong><\/span><\/li>\n<li><span style=\"color: #000000;\"><strong><a style=\"color: #000000;\" href=\"http:\/\/fsecsg.ummto.dz\/wp-content\/uploads\/2019\/07\/1-\u00e8re-Ann\u00e9e-LMD.docx\">1 \u00e8re Ann\u00e9e LMD<\/a> <\/strong><\/span><\/li>\n<li><span style=\"color: #000000;\"><strong><a style=\"color: #000000;\" href=\"http:\/\/fsecsg.ummto.dz\/wp-content\/uploads\/2019\/07\/dept-sc-comm.docx\">d\u00e9partement des sciences commerciales\u00a0<\/a><\/strong><\/span><\/li>\n<li><span style=\"color: #000000;\"><strong><a style=\"color: #000000;\" href=\"http:\/\/fsecsg.ummto.dz\/wp-content\/uploads\/2019\/07\/dept-sc-eco.docx\">d\u00e9partement des sciences de gestion\u00a0<\/a> <\/strong><\/span><\/li>\n<li><span style=\"color: #000000;\"><strong><a style=\"color: #000000;\" href=\"http:\/\/fsecsg.ummto.dz\/wp-content\/uploads\/2019\/07\/dept-sc-gest.docx\">d\u00e9partement des sciences \u00e9conomiques\u00a0<\/a> <\/strong><\/span><\/li>\n<li><span style=\"color: #000000;\"><strong><a style=\"color: #000000;\" href=\"http:\/\/fsecsg.ummto.dz\/wp-content\/uploads\/2019\/07\/doctorat.docx\">Doctorats<\/a> <\/strong><\/span><\/li>\n<li><span style=\"color: #000000;\"><strong><a style=\"color: #000000;\" href=\"http:\/\/fsecsg.ummto.dz\/wp-content\/uploads\/2019\/07\/master-1-et-2.docx\">Master (1 et 2)<\/a><\/strong><\/span><\/li>\n<\/ul>\n<p>&nbsp;<\/p>\n<p class=\"post-title entry-title\"><strong><span style=\"font-size: 14pt; font-family: 'times new roman', times, serif;\">Inscription SNDL Syst\u00e8me National de Documentation en Ligne:<\/span><\/strong><\/p>\n<div class=\"entry themeform share\">\n<div class=\"entry-inner\">\n<div class=\"entry-content\">\n<p class=\"\"><span style=\"font-family: 'times new roman', times, serif;\"><strong><img decoding=\"async\" class=\"size-medium wp-image-12003 alignright\" src=\"http:\/\/fsecsg.ummto.dz\/wp-content\/uploads\/2019\/05\/652x279_fill_sndlar-300x128-300x128.jpg\" alt=\"\" width=\"300\" height=\"128\" \/>La Biblioth\u00e8que Universitaire \u00e0 l\u2019immense plaisir d\u2019inviter tous les post- graduants (master 2, ing\u00e9nieur, doctorat, Magister, enseignants) de l\u2019universit\u00e9 Mouloud MAMMERI de Tizi-Ouzou , \u00e0 se rapprocher de la biblioth\u00e8que centrale, pour effectuer leurs inscriptions au Syst\u00e8me National de Documentation en Ligne (SNDL), qui est un ensemble de bases de donn\u00e9es pluridisciplinaires, qui peuvent bien r\u00e9pondre aux besoins des utilisateurs en documentation et travaux de recherche . L\u2019inscription vous permet l\u2019acc\u00e8s \u00e0 l\u2019information via internet sur <span style=\"color: #ff0000;\">le site : www.SNDL.CERIST.DZ.<\/span> Pour plus d\u2019informations sur la m\u00e9thode d\u2019utilisation de la recherche et de t\u00e9l\u00e9chargement, veuillez prendre attache avec le Service SNDL de la biblioth\u00e8que.<\/strong><\/span><\/p>\n<p style=\"text-align: center;\"><span style=\"font-family: 'times new roman', times, serif;\"><a href=\"http:\/\/www.ummto.dz\/wp-content\/uploads\/2019\/03\/information-sndl-tita.docx\" target=\"_blank\" rel=\"noreferrer noopener\" aria-label=\" (s\u2019ouvre dans un nouvel onglet)\"><span style=\"color: #ff0000;\">Plus d\u2019informations\u2026<\/span><\/a><\/span><\/p>\n<p class=\"hupso-share-buttons\"><span style=\"font-family: 'times new roman', times, serif;\">TAGGED WITH:\u00a0\u00a0\u00a0\u00a0\u00a0<a href=\"http:\/\/www.ummto.dz\/tag\/bibliotheque\/\" rel=\"tag\">BIBLIOTH\u00c8QUE<\/a>,\u00a0<a href=\"http:\/\/www.ummto.dz\/tag\/documentation\/\" rel=\"tag\">DOCUMENTATION<\/a>,\u00a0<a href=\"http:\/\/www.ummto.dz\/tag\/en-ligne\/\" rel=\"tag\">EN LIGNE<\/a>,\u00a0<a href=\"http:\/\/www.ummto.dz\/tag\/inscription\/\" rel=\"tag\">INSCRIPTION<\/a>,\u00a0<a href=\"http:\/\/www.ummto.dz\/tag\/sndl\/\" rel=\"tag\">SNDL<\/a><\/span><\/p>\n<\/div>\n<\/div>\n<\/div>\n<p>&nbsp;<\/p>\n<p>&nbsp;<\/p>\n<p>&nbsp;<\/p>\n<p>&nbsp;<\/p>\n<ul>\n<li><span style=\"font-family: 'times new roman', times, serif;\"><strong><span style=\"font-size: 14pt;\">Avis aux enseignants et \u00e9tudiants : Information technique de l\u2019ing\u00e9nieur:<\/span><\/strong><\/span><\/li>\n<\/ul>\n<div class=\"clear\"><span style=\"font-family: 'times new roman', times, serif;\"><img decoding=\"async\" class=\"wp-image-5454 alignleft tc-smart-load-skip tc-smart-loaded\" src=\"http:\/\/www.ummto.dz\/wp-content\/uploads\/2018\/06\/index.jpg\" alt=\"\" width=\"73\" height=\"69\" \/><\/span><\/div>\n<div class=\"entry themeform share\">\n<div class=\"entry-inner\">\n<p class=\"\"><span style=\"font-family: 'times new roman', times, serif;\"><strong>Nous informons l\u2019ensemble des \u00e9tudiants, enseignants et chercheurs de l\u2019Universit\u00e9 Mouloud\u00a0MAMMERI,\u00a0que les ressources documentaires de la base de donn\u00e9es techniques de l\u2019ing\u00e9nieur du groupe BIBLIOPHIL, sont disponibles en ligne aux m\u00e9diath\u00e8ques de la biblioth\u00e8que universitaire Hasnaoua-2- <\/strong><\/span><strong><span style=\"font-family: 'times new roman', times, serif;\"><a href=\"http:\/\/www.ummto.dz\/wp-content\/uploads\/2019\/04\/technique-de-ling%C3%A9nieur-site.docx\">Plus d\u2019informations\u2026<\/a><\/span><\/strong><\/p>\n<\/div>\n<\/div>\n<ul>\n<li><span style=\"color: #000000;\"><strong>\u00a0<span style=\"font-size: 14pt;\"><a href=\"http:\/\/fsecsg.ummto.dz\/wp-content\/uploads\/2019\/01\/Reglement-interieur-de-la-biblioth\u00e8que.pdf\"><span style=\"font-family: 'times new roman', times, serif;\">R\u00e8glement int\u00e9rieur de la biblioth\u00e8que de la FSECSG\u00a0<\/span><img decoding=\"async\" class=\"alignnone size-full wp-image-3466\" src=\"http:\/\/fsecsg.ummto.dz\/wp-content\/uploads\/2018\/05\/9797.gif\" alt=\"\" width=\"94\" height=\"24\" \/>\u00a0<\/a><\/span><\/strong><\/span><\/li>\n<\/ul>\n<p>&nbsp;<\/p>\n<ul>\n<li class=\"post-title entry-title\"><span style=\"color: #000000;\"><strong><span style=\"text-decoration: underline;\">Horaires d\u2019ouverture et de fermeture de la Biblioth\u00e8que Centrale<\/span><\/strong><\/span><\/li>\n<\/ul>\n<div class=\"clear\"><span style=\"color: #000000;\"><strong>Avis: horaires d\u2019ouverture et de fermeture Biblioth\u00e8que Centrale<\/strong><\/span><\/div>\n<div class=\"entry themeform share\">\n<div class=\"entry-inner\">\n<p><span style=\"color: #000000;\"><strong>Nous informons l\u2019ensemble des\u00a0<em>utilisateurs de<\/em><em>\u00a0la Biblioth\u00e8que Universitaire<\/em>, que les\u00a0<em>horaires d\u2019ouverture et de fermeture<\/em>\u00a0pour l\u2019ann\u00e9e universitaire\u00a02018\/2019\u00a0sont comme suit\u00a0:\u00a0<\/strong><\/span><\/p>\n<ul>\n<li><span style=\"color: #000000;\"><strong><u>Salles de lectures\u00a0:<\/u><\/strong><\/span><\/li>\n<\/ul>\n<p><span style=\"color: #000000;\"><strong>Du Dimanche au Jeudi\u00a0:\u00a0\u00a0\u00a0\u00a0\u00a0\u00a0Ouverture\u00a0:\u00a08h00\u00a0\u00a0\u2013 \u00a0fermeture\u00a0:\u00a018h00<\/strong><\/span><\/p>\n<p><span style=\"color: #000000;\"><strong>\u00a0\u00a0\u00a0\u00a0\u00a0\u00a0\u00a0\u00a0\u00a0\u00a0\u00a0 Le Samedi\u00a0:\u00a0\u00a0\u00a0\u00a0\u00a0\u00a0\u00a0\u00a0\u00a0\u00a0\u00a0\u00a0\u00a0\u00a0\u00a0\u00a0\u00a0\u00a0\u00a0\u00a0\u00a0\u00a0\u00a0\u00a0\u00a0\u00a0\u00a0Ouverture\u00a0:\u00a09h00\u00a0\u00a0\u2013\u00a0\u00a0fermeture\u00a0:\u00a016h00<\/strong><\/span><\/p>\n<ul>\n<li><span style=\"color: #000000;\"><strong><em><u>Administration, SNDL+P\u00e9riodiques :<\/u><\/em><\/strong><\/span><\/li>\n<\/ul>\n<p><span style=\"color: #000000;\"><strong>\u00a0 \u00a0 \u00a0 \u00a0 \u00a0 \u00a0Du Dimanche au Jeudi\u00a0:\u00a0\u00a0\u00a0\u00a0\u00a0 Ouverture\u00a0:\u00a08h30\u00a0\u2013\u00a0 fermeture\u00a0:\u00a016h00<\/strong><\/span><\/p>\n<ul>\n<li><span style=\"color: #000000;\"><strong><u>Fonds documentaires :<\/u><\/strong><\/span><\/li>\n<\/ul>\n<p><span style=\"color: #000000;\"><strong>\u00a0\u00a0\u00a0\u00a0\u00a0\u00a0\u00a0\u00a0\u00a0\u00a0\u00a0\u00a0Du Dimanche au Jeudi\u00a0:\u00a0\u00a0\u00a0\u00a0\u00a0\u00a0 Ouverture\u00a0:\u00a08h30\u00a0\u2013 \u00a0fermeture\u00a0:\u00a016h30<\/strong><\/span><\/p>\n<ul>\n<li><span style=\"color: #000000;\"><strong><u>M\u00e9diath\u00e8que poste graduation<\/u><\/strong><\/span><\/li>\n<\/ul>\n<p><span style=\"color: #000000;\"><strong>\u00a0 \u00a0 \u00a0 \u00a0 \u00a0\u00a0Du Dimanche au Jeudi\u00a0:\u00a0\u00a0\u00a0\u00a0\u00a0\u00a0\u00a0\u00a0Ouverture\u00a0:\u00a0\u00a0\u00a0\u00a08h30\u00a0\u00a0\u2013\u00a0\u00a0fermeture\u00a0:\u00a018h00<\/strong><\/span><\/p>\n<p><span style=\"color: #000000;\"><strong>\u00a0 \u00a0 \u00a0 \u00a0 \u00a0 \u00a0 \u00a0Le Samedi\u00a0:\u00a0 \u00a0 \u00a0 \u00a0 \u00a0 \u00a0 \u00a0 \u00a0 \u00a0 \u00a0 \u00a0 \u00a0\u00a0\u00a0Ouverture\u00a0:\u00a09h00\u00a0\u00a0\u2013\u00a0\u00a0\u00a0fermeture\u00a0:\u00a016h00<\/strong><\/span><\/p>\n<ul>\n<li><span style=\"color: #000000;\"><strong><u>M\u00e9diath\u00e8que fin de cycle\u00a0:<\/u><\/strong><\/span><\/li>\n<\/ul>\n<p><span style=\"color: #000000;\"><strong>\u00a0\u00a0\u00a0\u00a0\u00a0\u00a0\u00a0\u00a0\u00a0\u00a0\u00a0Du Dimanche au Jeudi\u00a0:\u00a0\u00a0\u00a0\u00a0\u00a0\u00a0\u00a0\u00a0\u00a0Ouverture\u00a0:\u00a08h30\u00a0\u2013 \u00a0fermeture\u00a0:\u00a016h30<\/strong><\/span><\/p>\n<\/div>\n<\/div>\n<p>&nbsp;<\/p>\n<p>&nbsp;<\/p>\n<ul>\n<li><span style=\"color: #000000;\"><strong>Biblioth\u00e8que Universitaire<\/strong><\/span><\/li>\n<\/ul>\n<p><span style=\"color: #000000;\"><strong>Organise:<\/strong><\/span><\/p>\n<p><span style=\"color: #000000;\"><strong>\u00abJourn\u00e9e Portes Ouvertes sur les Biblioth\u00e8ques de l\u2019UMMTO \u00bb<\/strong><\/span><\/p>\n<p><span style=\"color: #000000;\"><strong>le\u00a013 \u00a0novembre 2018<\/strong><\/span><\/p>\n<p><span style=\"color: #000000;\"><strong>Pour une meilleure visibilit\u00e9 et accessibilit\u00e9 aux services offerts par les Biblioth\u00e8ques de l\u2019Universit\u00e9 Mouloud MAMMERI de Tizi-Ouzou, pour l\u2019ann\u00e9e universitaire 2018-2019 et afin de partager les exp\u00e9riences entre \u00a0biblioth\u00e9caires,<em>\u00a0la\u00a0 Biblioth\u00e8que Universitaire sise \u00e0 Hasnaoua II,<\/em>organise le\u00a0<u>13 novembre 2018<\/u>, une\u00a0 \u00ab\u00a0Journ\u00e9e Portes Ouvertes sur les Biblioth\u00e8ques de l\u2019UMMTO\u00a0\u00bb au profit de toute la communaut\u00e9 universitaire (Etudiants, Enseignants, Chercheurs,\u2026.) .<\/strong><\/span><\/p>\n<h4><span style=\"color: #000000;\">Document joint:<\/span>\u00a0<a href=\"http:\/\/www.ummto.dz\/wp-content\/uploads\/2018\/10\/programme-journ%C3%A9es-portes-ouvertes-2019.pdf\">programme journ\u00e9es portes ouvertes 2018<\/a><\/h4>\n<div class=\"hupso-share-buttons\"><\/div>\n<p><a href=\"http:\/\/fsecsg.ummto.dz\/wp-content\/uploads\/2018\/10\/reinscription-prolongation.doc\"><span style=\"color: #000000;\"><strong>reinscription-prolongation<\/strong><\/span><\/a><\/p>\n<p><span style=\"color: #000000;\"><strong><a style=\"color: #000000;\" href=\"http:\/\/fsecsg.ummto.dz\/wp-content\/uploads\/2018\/10\/Redevable-M1-M2.docx\">Redevable M1 M2<\/a><\/strong><\/span><\/p>\n<p><strong><a href=\"http:\/\/fsecsg.ummto.dz\/wp-content\/uploads\/2018\/07\/avis-aux-enseignants.doc\"><span style=\"color: #000000;\">avis aux enseignants<\/span><\/a><\/strong><\/p>\n<p><a href=\"http:\/\/fsecsg.ummto.dz\/wp-content\/uploads\/2018\/06\/avis-aux-\u00e9tudiants-1.doc\"><span style=\"color: #000000;\"><strong>avis aux \u00e9tudiants<\/strong><\/span><\/a><\/p>\n<p><a href=\"http:\/\/fsecsg.ummto.dz\/wp-content\/uploads\/2018\/06\/avis-aux-enseignants.doc\"><span style=\"color: #000000;\"><strong>avis aux enseignants<\/strong><\/span><\/a><\/p>\n<p><span style=\"color: #000000;\"><strong><a style=\"color: #000000;\" href=\"http:\/\/fsecsg.ummto.dz\/wp-content\/uploads\/2018\/06\/avis-aux-\u00e9tudiants.doc\">avis aux \u00e9tudiants<\/a><\/strong><\/span><\/p>\n","protected":false},"excerpt":{"rendered":"<p>D\u00e9lai d\u2019inscriptions et r\u00e9inscriptions aux \u00e9tudiants \u00e0 la biblioth\u00e8que \u00e0 partir de Lundi 25\/11\/2019 Avis aux \u00e9tudiants (es) ( Master 2) : L\u2019ouverture de la salle des p\u00e9riodiques pour le pr\u00eat int\u00e9rieur des m\u00e9moires et quitus du Lundi 15\/07\/2019 au Jeudi 25\/07\/2019 Avis aux enseignants et \u00e9tudiants (es) (Master et Doctorat ): Pr\u00eat des ouvrages [&hellip;]<\/p>\n","protected":false},"author":1,"featured_media":0,"parent":0,"menu_order":0,"comment_status":"closed","ping_status":"closed","template":"","meta":{"_et_pb_use_builder":"","_et_pb_old_content":"","_et_gb_content_width":"","footnotes":""},"class_list":["post-5327","page","type-page","status-publish","hentry"],"yoast_head":"<!-- This site is optimized with the Yoast SEO plugin v27.2 - https:\/\/yoast.com\/product\/yoast-seo-wordpress\/ -->\n<title>Biblioth\u00e8que - Facult\u00e9 des Sciences Economiques, Commerciales et des Sciences de Gestion<\/title>\n<meta name=\"robots\" content=\"index, follow, max-snippet:-1, max-image-preview:large, max-video-preview:-1\" \/>\n<link rel=\"canonical\" href=\"https:\/\/www.ummto.dz\/fsecsg\/bibliotheque\/\" \/>\n<meta property=\"og:locale\" content=\"fr_FR\" \/>\n<meta property=\"og:type\" content=\"article\" \/>\n<meta property=\"og:title\" content=\"Biblioth\u00e8que - Facult\u00e9 des Sciences Economiques, Commerciales et des Sciences de Gestion\" \/>\n<meta property=\"og:description\" content=\"D\u00e9lai d\u2019inscriptions et r\u00e9inscriptions aux \u00e9tudiants \u00e0 la biblioth\u00e8que \u00e0 partir de Lundi 25\/11\/2019 Avis aux \u00e9tudiants (es) ( Master 2) : L\u2019ouverture de la salle des p\u00e9riodiques pour le pr\u00eat int\u00e9rieur des m\u00e9moires et quitus du Lundi 15\/07\/2019 au Jeudi 25\/07\/2019 Avis aux enseignants et \u00e9tudiants (es) (Master et Doctorat ): Pr\u00eat des ouvrages [&hellip;]\" \/>\n<meta property=\"og:url\" content=\"https:\/\/www.ummto.dz\/fsecsg\/bibliotheque\/\" \/>\n<meta property=\"og:site_name\" content=\"Facult\u00e9 des Sciences Economiques, Commerciales et des Sciences de Gestion\" \/>\n<meta property=\"article:modified_time\" content=\"2019-11-24T16:14:44+00:00\" \/>\n<meta property=\"og:image\" content=\"http:\/\/fsecsg.ummto.dz\/wp-content\/uploads\/2019\/07\/t\u00e9l\u00e9chargement-320x320.jpg\" \/>\n<meta name=\"twitter:card\" content=\"summary_large_image\" \/>\n<meta name=\"twitter:label1\" content=\"Dur\u00e9e de lecture estim\u00e9e\" \/>\n\t<meta name=\"twitter:data1\" content=\"3 minutes\" \/>\n<script type=\"application\/ld+json\" class=\"yoast-schema-graph\">{\"@context\":\"https:\/\/schema.org\",\"@graph\":[{\"@type\":\"WebPage\",\"@id\":\"https:\/\/www.ummto.dz\/fsecsg\/bibliotheque\/\",\"url\":\"https:\/\/www.ummto.dz\/fsecsg\/bibliotheque\/\",\"name\":\"Biblioth\u00e8que - Facult\u00e9 des Sciences Economiques, Commerciales et des Sciences de Gestion\",\"isPartOf\":{\"@id\":\"https:\/\/www.ummto.dz\/fsecsg\/#website\"},\"primaryImageOfPage\":{\"@id\":\"https:\/\/www.ummto.dz\/fsecsg\/bibliotheque\/#primaryimage\"},\"image\":{\"@id\":\"https:\/\/www.ummto.dz\/fsecsg\/bibliotheque\/#primaryimage\"},\"thumbnailUrl\":\"http:\/\/fsecsg.ummto.dz\/wp-content\/uploads\/2019\/05\/652x279_fill_sndlar-300x128-300x128.jpg\",\"datePublished\":\"2018-06-13T13:06:19+00:00\",\"dateModified\":\"2019-11-24T16:14:44+00:00\",\"breadcrumb\":{\"@id\":\"https:\/\/www.ummto.dz\/fsecsg\/bibliotheque\/#breadcrumb\"},\"inLanguage\":\"fr-FR\",\"potentialAction\":[{\"@type\":\"ReadAction\",\"target\":[\"https:\/\/www.ummto.dz\/fsecsg\/bibliotheque\/\"]}]},{\"@type\":\"ImageObject\",\"inLanguage\":\"fr-FR\",\"@id\":\"https:\/\/www.ummto.dz\/fsecsg\/bibliotheque\/#primaryimage\",\"url\":\"http:\/\/fsecsg.ummto.dz\/wp-content\/uploads\/2019\/05\/652x279_fill_sndlar-300x128-300x128.jpg\",\"contentUrl\":\"http:\/\/fsecsg.ummto.dz\/wp-content\/uploads\/2019\/05\/652x279_fill_sndlar-300x128-300x128.jpg\"},{\"@type\":\"BreadcrumbList\",\"@id\":\"https:\/\/www.ummto.dz\/fsecsg\/bibliotheque\/#breadcrumb\",\"itemListElement\":[{\"@type\":\"ListItem\",\"position\":1,\"name\":\"Accueil\",\"item\":\"https:\/\/www.ummto.dz\/fsecsg\/\"},{\"@type\":\"ListItem\",\"position\":2,\"name\":\"Biblioth\u00e8que\"}]},{\"@type\":\"WebSite\",\"@id\":\"https:\/\/www.ummto.dz\/fsecsg\/#website\",\"url\":\"https:\/\/www.ummto.dz\/fsecsg\/\",\"name\":\"Facult\u00e9 des Sciences Economiques, Commerciales et des Sciences de Gestion\",\"description\":\"Universit\u00e9 Mouloud Mammeri de Tizi Ouzou\",\"potentialAction\":[{\"@type\":\"SearchAction\",\"target\":{\"@type\":\"EntryPoint\",\"urlTemplate\":\"https:\/\/www.ummto.dz\/fsecsg\/?s={search_term_string}\"},\"query-input\":{\"@type\":\"PropertyValueSpecification\",\"valueRequired\":true,\"valueName\":\"search_term_string\"}}],\"inLanguage\":\"fr-FR\"}]}<\/script>\n<!-- \/ Yoast SEO plugin. -->","yoast_head_json":{"title":"Biblioth\u00e8que - Facult\u00e9 des Sciences Economiques, Commerciales et des Sciences de Gestion","robots":{"index":"index","follow":"follow","max-snippet":"max-snippet:-1","max-image-preview":"max-image-preview:large","max-video-preview":"max-video-preview:-1"},"canonical":"https:\/\/www.ummto.dz\/fsecsg\/bibliotheque\/","og_locale":"fr_FR","og_type":"article","og_title":"Biblioth\u00e8que - Facult\u00e9 des Sciences Economiques, Commerciales et des Sciences de Gestion","og_description":"D\u00e9lai d\u2019inscriptions et r\u00e9inscriptions aux \u00e9tudiants \u00e0 la biblioth\u00e8que \u00e0 partir de Lundi 25\/11\/2019 Avis aux \u00e9tudiants (es) ( Master 2) : L\u2019ouverture de la salle des p\u00e9riodiques pour le pr\u00eat int\u00e9rieur des m\u00e9moires et quitus du Lundi 15\/07\/2019 au Jeudi 25\/07\/2019 Avis aux enseignants et \u00e9tudiants (es) (Master et Doctorat ): Pr\u00eat des ouvrages [&hellip;]","og_url":"https:\/\/www.ummto.dz\/fsecsg\/bibliotheque\/","og_site_name":"Facult\u00e9 des Sciences Economiques, Commerciales et des Sciences de Gestion","article_modified_time":"2019-11-24T16:14:44+00:00","og_image":[{"url":"http:\/\/fsecsg.ummto.dz\/wp-content\/uploads\/2019\/07\/t\u00e9l\u00e9chargement-320x320.jpg","type":"","width":"","height":""}],"twitter_card":"summary_large_image","twitter_misc":{"Dur\u00e9e de lecture estim\u00e9e":"3 minutes"},"schema":{"@context":"https:\/\/schema.org","@graph":[{"@type":"WebPage","@id":"https:\/\/www.ummto.dz\/fsecsg\/bibliotheque\/","url":"https:\/\/www.ummto.dz\/fsecsg\/bibliotheque\/","name":"Biblioth\u00e8que - Facult\u00e9 des Sciences Economiques, Commerciales et des Sciences de Gestion","isPartOf":{"@id":"https:\/\/www.ummto.dz\/fsecsg\/#website"},"primaryImageOfPage":{"@id":"https:\/\/www.ummto.dz\/fsecsg\/bibliotheque\/#primaryimage"},"image":{"@id":"https:\/\/www.ummto.dz\/fsecsg\/bibliotheque\/#primaryimage"},"thumbnailUrl":"http:\/\/fsecsg.ummto.dz\/wp-content\/uploads\/2019\/05\/652x279_fill_sndlar-300x128-300x128.jpg","datePublished":"2018-06-13T13:06:19+00:00","dateModified":"2019-11-24T16:14:44+00:00","breadcrumb":{"@id":"https:\/\/www.ummto.dz\/fsecsg\/bibliotheque\/#breadcrumb"},"inLanguage":"fr-FR","potentialAction":[{"@type":"ReadAction","target":["https:\/\/www.ummto.dz\/fsecsg\/bibliotheque\/"]}]},{"@type":"ImageObject","inLanguage":"fr-FR","@id":"https:\/\/www.ummto.dz\/fsecsg\/bibliotheque\/#primaryimage","url":"http:\/\/fsecsg.ummto.dz\/wp-content\/uploads\/2019\/05\/652x279_fill_sndlar-300x128-300x128.jpg","contentUrl":"http:\/\/fsecsg.ummto.dz\/wp-content\/uploads\/2019\/05\/652x279_fill_sndlar-300x128-300x128.jpg"},{"@type":"BreadcrumbList","@id":"https:\/\/www.ummto.dz\/fsecsg\/bibliotheque\/#breadcrumb","itemListElement":[{"@type":"ListItem","position":1,"name":"Accueil","item":"https:\/\/www.ummto.dz\/fsecsg\/"},{"@type":"ListItem","position":2,"name":"Biblioth\u00e8que"}]},{"@type":"WebSite","@id":"https:\/\/www.ummto.dz\/fsecsg\/#website","url":"https:\/\/www.ummto.dz\/fsecsg\/","name":"Facult\u00e9 des Sciences Economiques, Commerciales et des Sciences de Gestion","description":"Universit\u00e9 Mouloud Mammeri de Tizi Ouzou","potentialAction":[{"@type":"SearchAction","target":{"@type":"EntryPoint","urlTemplate":"https:\/\/www.ummto.dz\/fsecsg\/?s={search_term_string}"},"query-input":{"@type":"PropertyValueSpecification","valueRequired":true,"valueName":"search_term_string"}}],"inLanguage":"fr-FR"}]}},"_links":{"self":[{"href":"https:\/\/www.ummto.dz\/fsecsg\/wp-json\/wp\/v2\/pages\/5327","targetHints":{"allow":["GET"]}}],"collection":[{"href":"https:\/\/www.ummto.dz\/fsecsg\/wp-json\/wp\/v2\/pages"}],"about":[{"href":"https:\/\/www.ummto.dz\/fsecsg\/wp-json\/wp\/v2\/types\/page"}],"author":[{"embeddable":true,"href":"https:\/\/www.ummto.dz\/fsecsg\/wp-json\/wp\/v2\/users\/1"}],"replies":[{"embeddable":true,"href":"https:\/\/www.ummto.dz\/fsecsg\/wp-json\/wp\/v2\/comments?post=5327"}],"version-history":[{"count":30,"href":"https:\/\/www.ummto.dz\/fsecsg\/wp-json\/wp\/v2\/pages\/5327\/revisions"}],"predecessor-version":[{"id":18454,"href":"https:\/\/www.ummto.dz\/fsecsg\/wp-json\/wp\/v2\/pages\/5327\/revisions\/18454"}],"wp:attachment":[{"href":"https:\/\/www.ummto.dz\/fsecsg\/wp-json\/wp\/v2\/media?parent=5327"}],"curies":[{"name":"wp","href":"https:\/\/api.w.org\/{rel}","templated":true}]}}