{"id":2271,"date":"2022-05-15T13:23:37","date_gmt":"2022-05-15T12:23:37","guid":{"rendered":"https:\/\/www.ummto.dz\/vrp\/?page_id=2271"},"modified":"2025-09-09T08:44:22","modified_gmt":"2025-09-09T07:44:22","slug":"t1","status":"publish","type":"page","link":"https:\/\/www.ummto.dz\/vrp\/t1\/","title":{"rendered":"VRP&#8211;R\u00e9orientation"},"content":{"rendered":"<p>[et_pb_section fb_built=&#8221;1&#8243; custom_padding_last_edited=&#8221;on|desktop&#8221; admin_label=&#8221;Header&#8221; _builder_version=&#8221;4.27.4&#8243; background_image=&#8221;https:\/\/www.ummto.dz\/vrp\/wp-content\/uploads\/tree-838666_1280-300&#215;198.webp&#8221; parallax=&#8221;on&#8221; custom_margin=&#8221;0px||||false|false&#8221; custom_margin_tablet=&#8221;&#8221; custom_margin_phone=&#8221;20px|20px||20px|false|true&#8221; custom_margin_last_edited=&#8221;on|desktop&#8221; custom_padding=&#8221;100px|0px|0px|||&#8221; custom_padding_tablet=&#8221;40px||||false|false&#8221; custom_padding_phone=&#8221;&#8221; border_radii_phone=&#8221;on|20px|20px|20px|20px&#8221; border_radii_last_edited=&#8221;off|desktop&#8221; locked=&#8221;off&#8221; global_colors_info=&#8221;{}&#8221;][et_pb_row use_custom_gutter=&#8221;on&#8221; make_equal=&#8221;on&#8221; custom_padding_last_edited=&#8221;on|tablet&#8221; _builder_version=&#8221;4.27.4&#8243; background_enable_color=&#8221;off&#8221; background_image=&#8221;https:\/\/www.ummto.dz\/fgei\/wp-content\/uploads\/2025\/05\/psychologist-03.jpg&#8221; parallax=&#8221;on&#8221; transform_scale_tablet=&#8221;&#8221; transform_scale_phone=&#8221;&#8221; transform_scale_last_edited=&#8221;on|desktop&#8221; transform_translate=&#8221;30px|0px&#8221; transform_translate_tablet=&#8221;0px|0px&#8221; transform_translate_phone=&#8221;&#8221; transform_translate_last_edited=&#8221;on|tablet&#8221; transform_translate_linked=&#8221;off&#8221; transform_rotate_tablet=&#8221;&#8221; transform_rotate_phone=&#8221;&#8221; transform_rotate_last_edited=&#8221;on|desktop&#8221; transform_skew_tablet=&#8221;&#8221; transform_skew_phone=&#8221;&#8221; transform_skew_last_edited=&#8221;on|desktop&#8221; transform_origin_tablet=&#8221;&#8221; transform_origin_phone=&#8221;&#8221; transform_origin_last_edited=&#8221;on|desktop&#8221; width=&#8221;100%&#8221; width_tablet=&#8221;90%&#8221; width_phone=&#8221;&#8221; width_last_edited=&#8221;on|desktop&#8221; max_width=&#8221;1200px&#8221; module_alignment=&#8221;center&#8221; custom_margin=&#8221;100px||||false|false&#8221; custom_padding=&#8221;43px|0px|43px|140px|false|false&#8221; custom_padding_tablet=&#8221;60px||60px||true|true&#8221; custom_padding_phone=&#8221;40px|20px|40px|20px|true|true&#8221; box_shadow_style=&#8221;preset3&#8243; box_shadow_vertical=&#8221;40px&#8221; box_shadow_blur=&#8221;110px&#8221; box_shadow_spread=&#8221;0px&#8221; box_shadow_color=&#8221;rgba(9,6,38,0.62)&#8221; global_colors_info=&#8221;{}&#8221;][et_pb_column type=&#8221;4_4&#8243; _builder_version=&#8221;4.16&#8243; global_colors_info=&#8221;{}&#8221;][et_pb_text _builder_version=&#8221;4.27.4&#8243; text_font_size=&#8221;16px&#8221; text_line_height=&#8221;1.8em&#8221; header_font=&#8221;Taviraj||||||||&#8221; header_text_align=&#8221;left&#8221; header_font_size=&#8221;25px&#8221; header_letter_spacing=&#8221;3px&#8221; header_line_height=&#8221;1.2em&#8221; max_width=&#8221;600px&#8221; module_alignment=&#8221;left&#8221; custom_margin=&#8221;0px|0px|||false|false&#8221; custom_padding=&#8221;||0px|200px|false|false&#8221; text_font_size_tablet=&#8221;16px&#8221; text_font_size_phone=&#8221;15px&#8221; text_font_size_last_edited=&#8221;on|desktop&#8221; header_font_size_tablet=&#8221;40px&#8221; header_font_size_phone=&#8221;26px&#8221; header_font_size_last_edited=&#8221;on|desktop&#8221; global_colors_info=&#8221;{}&#8221;]<\/p>\n<h1 style=\"text-align: center\"><span><span style=\"color: #333333\">Vice rectorat charg\u00e9 de la p\u00e9dagogie<\/span><\/span><\/h1>\n<p>[\/et_pb_text][\/et_pb_column][\/et_pb_row][et_pb_row use_custom_gutter=&#8221;on&#8221; make_equal=&#8221;on&#8221; _builder_version=&#8221;4.27.4&#8243; _module_preset=&#8221;default&#8221; width=&#8221;100%&#8221; max_width=&#8221;1161px&#8221; module_alignment=&#8221;center&#8221; custom_margin=&#8221;0px|0px|0px|0px|false|false&#8221; locked=&#8221;off&#8221; global_colors_info=&#8221;{}&#8221;][et_pb_column type=&#8221;4_4&#8243; _builder_version=&#8221;4.27.4&#8243; _module_preset=&#8221;default&#8221; global_colors_info=&#8221;{}&#8221;][et_pb_menu menu_id=&#8221;2&#8243; menu_style=&#8221;centered&#8221; active_link_color=&#8221;#000000&#8243; dropdown_menu_line_color=&#8221;#448968&#8243; logo_width=&#8221;100%&#8221; logo_height=&#8221;200px&#8221; logo_max_height=&#8221;200px&#8221; show_search_icon=&#8221;on&#8221; logo_width_tablet=&#8221;100%&#8221; logo_width_phone=&#8221;100%&#8221; logo_width_last_edited=&#8221;on|tablet&#8221; _builder_version=&#8221;4.27.4&#8243; _module_preset=&#8221;default&#8221; menu_font=&#8221;Taviraj|600|||||||&#8221; menu_text_color=&#8221;#000000&#8243; width=&#8221;100%&#8221; max_width=&#8221;100%&#8221; module_alignment=&#8221;center&#8221; custom_margin=&#8221;0px||0px||false|false&#8221; custom_margin_tablet=&#8221;||||false|false&#8221; custom_margin_phone=&#8221;||||false|false&#8221; custom_margin_last_edited=&#8221;on|tablet&#8221; custom_padding=&#8221;15px||15px|0px|false|false&#8221; box_shadow_style=&#8221;preset1&#8243; locked=&#8221;off&#8221; global_colors_info=&#8221;{}&#8221; min_height__hover_enabled=&#8221;on|desktop&#8221;][\/et_pb_menu][\/et_pb_column][\/et_pb_row][\/et_pb_section][et_pb_section fb_built=&#8221;1&#8243; _builder_version=&#8221;4.16&#8243; _module_preset=&#8221;default&#8221; custom_margin=&#8221;-24px|||||&#8221; global_colors_info=&#8221;{}&#8221;][et_pb_row _builder_version=&#8221;4.27.4&#8243; _module_preset=&#8221;default&#8221; custom_margin=&#8221;||||false|false&#8221; custom_padding=&#8221;15px||0px||false|false&#8221; box_shadow_style=&#8221;preset1&#8243; box_shadow_color=&#8221;#bcbcbc&#8221; global_colors_info=&#8221;{}&#8221;][et_pb_column type=&#8221;4_4&#8243; _builder_version=&#8221;4.27.0&#8243; _module_preset=&#8221;default&#8221; global_colors_info=&#8221;{}&#8221;][et_pb_text _builder_version=&#8221;4.27.4&#8243; _module_preset=&#8221;default&#8221; custom_margin=&#8221;10px||||false|false&#8221; custom_padding=&#8221;10px|25px||25px|false|false&#8221; hover_enabled=&#8221;0&#8243; global_colors_info=&#8221;{}&#8221; sticky_enabled=&#8221;0&#8243;]<\/p>\n<div class=\"page-title hu-pad group\">\n<h1><span style=\"color: #800080\"><\/span><\/h1>\n<p><span style=\"color: #800080\"><\/span><\/p>\n<h1 style=\"text-align: center\"><span style=\"color: #008000\"><strong>R\u00e9orientation<\/strong><\/span><\/h1>\n<h2 style=\"text-align: center\"><span style=\"color: #ff0000\"><strong>(Attention ceci ne concerne pas les nouveaux bacheliers 2025)<\/strong><\/span><\/h2>\n<\/div>\n<div class=\"hu-pad group\">\n<article class=\"group post-63 page type-page status-publish hentry\">\n<p style=\"text-align: justify\"><span style=\"color: #000000\"><strong>Les \u00e9tudiants de l\u2019Universit\u00e9 Mouloud MAMMERI inscrits en premi\u00e8re ann\u00e9e licence (L1) durant l\u2019ann\u00e9e universitaire 2024-2025 sont inform\u00e9s qu\u2019une op\u00e9ration de r\u00e9orientation se d\u00e9roulera exclusivement sur PROGRES. Cette op\u00e9ration est ouverte aux \u00e9tudiants suivants:<\/strong><\/span><\/p>\n<ul>\n<li style=\"text-align: justify\"><span style=\"color: #000000\">\u00c9tudiants de premi\u00e8re ann\u00e9e L1 en situation d\u2019\u00e9chec apr\u00e8s une ann\u00e9e d\u2019\u00e9tudes.<\/span><\/li>\n<li style=\"text-align: justify\"><span style=\"color: #000000\">\u00c9tudiants de premi\u00e8re ann\u00e9e L1 en situation d\u2019\u00e9chec apr\u00e8s redoublement (la r\u00e9orientation des \u00e9tudiants en situation d\u2019\u00e9chec apr\u00e8s redoublement est vivement souhait\u00e9e, n\u00e9anmoins, l\u2019\u00e9tudiant qui d\u00e9sire poursuivre ses \u00e9tudes dans la m\u00eame formation b\u00e9n\u00e9ficiera d\u2019une derni\u00e8re inscription en L1).<\/span><\/li>\n<li style=\"text-align: justify\"><span style=\"color: #000000\">Exceptionnellement, pour l\u2019ann\u00e9e 2024-2025, les \u00e9tudiants ayant fait <span style=\"text-decoration: underline\">plus d\u2019un redoublement<\/span> et qui sont en situation d\u2019\u00e9chec sont invit\u00e9s \u00e0 formuler une demande de r\u00e9orientation, la r\u00e9inscription dans la m\u00eame formation n\u2019est plus autoris\u00e9e.<\/span><br \/>\n<h2><span style=\"color: #000000\"><\/span><span style=\"color: #000000\"><\/span><\/h2>\n<\/li>\n<\/ul>\n<h2 style=\"text-align: center\"><span style=\"color: #000000\"><strong>La r\u00e9orientation se d\u00e9roulera exclusivement sur<\/strong> <strong>PROGRES webetu<\/strong><\/span><\/h2>\n<p><span style=\"color: #000000\">La p\u00e9riode de la r\u00e9orientation des \u00e9tudiants anciens au sein de la m\u00eame institution universitaire ou \u00e0 l&#8217;ext\u00e9rieur, d&#8217;un domaine \u00e0 un autre et d&#8217;une division \u00e0 une autre, peut \u00eatre fix\u00e9e selon le calendrier suivant:<br \/>&#8211; D\u00e9p\u00f4t des demandes via le syst\u00e8me progres (webetu) le site: du <span style=\"color: #ff0000\"><strong>samedi 13 au vendredi 19 septembre 2025.<\/strong><\/span><br \/>&#8211; Traitement des demandes de transfert: du <strong><span style=\"color: #ff0000\">samedi 20 au mardi 23 septembre 2025.<\/span><\/strong><br \/>&#8211; Annonce des r\u00e9sultats des transferts <strong><span style=\"color: #ff0000\">le mercredi 24 septembre 2025.<\/span><\/strong><br \/>&#8211; Confirmation du transfert et paiement des frais d&#8217;inscription: du <span style=\"color: #ff0000\"><strong>mercredi 24 au samedi 27 septembre 2025<\/strong><\/span>.<\/span><\/p>\n<p><strong><span style=\"color: #ff0000\"><\/span><\/strong><\/p>\n<p><strong><span style=\"color: #ff0000\"><\/span><\/strong><\/p>\n<ul><\/ul>\n<\/article>\n<\/div>\n<p>[\/et_pb_text][\/et_pb_column][\/et_pb_row][\/et_pb_section]<\/p>\n","protected":false},"excerpt":{"rendered":"<p>Vice rectorat charg\u00e9 de la p\u00e9dagogie R\u00e9orientation (Attention ceci ne concerne pas les nouveaux bacheliers 2025) Les \u00e9tudiants de l\u2019Universit\u00e9 Mouloud MAMMERI inscrits en premi\u00e8re ann\u00e9e licence (L1) durant l\u2019ann\u00e9e universitaire 2024-2025 sont inform\u00e9s qu\u2019une op\u00e9ration de r\u00e9orientation se d\u00e9roulera exclusivement sur PROGRES. Cette op\u00e9ration est ouverte aux \u00e9tudiants suivants: \u00c9tudiants de premi\u00e8re ann\u00e9e L1 [&hellip;]<\/p>\n","protected":false},"author":1,"featured_media":0,"parent":0,"menu_order":0,"comment_status":"closed","ping_status":"closed","template":"","meta":{"_et_pb_use_builder":"on","_et_pb_old_content":"","_et_gb_content_width":"","footnotes":""},"class_list":["post-2271","page","type-page","status-publish","hentry"],"translation":{"provider":"WPGlobus","version":"3.0.1","language":"en","enabled_languages":["en","fr","ar","gb"],"languages":{"en":{"title":true,"content":true,"excerpt":false},"fr":{"title":false,"content":false,"excerpt":false},"ar":{"title":false,"content":false,"excerpt":false},"gb":{"title":false,"content":false,"excerpt":false}}},"yoast_head":"<!-- This site is optimized with the Yoast SEO plugin v26.7 - https:\/\/yoast.com\/wordpress\/plugins\/seo\/ -->\n<title>VRP-R\u00e9orientation -<\/title>\n<meta name=\"robots\" content=\"index, follow, max-snippet:-1, max-image-preview:large, max-video-preview:-1\" \/>\n<link rel=\"canonical\" href=\"https:\/\/www.ummto.dz\/vrp\/t1\/\" \/>\n<meta property=\"og:locale\" content=\"en_US\" \/>\n<meta property=\"og:type\" content=\"article\" \/>\n<meta property=\"og:title\" content=\"VRP-R\u00e9orientation -\" \/>\n<meta property=\"og:url\" content=\"https:\/\/www.ummto.dz\/vrp\/t1\/\" \/>\n<meta property=\"article:modified_time\" content=\"2025-09-09T07:44:22+00:00\" \/>\n<meta name=\"twitter:card\" content=\"summary_large_image\" \/>\n<meta name=\"twitter:label1\" content=\"Est. reading time\" \/>\n\t<meta name=\"twitter:data1\" content=\"5 minutes\" \/>\n<script type=\"application\/ld+json\" class=\"yoast-schema-graph\">{\"@context\":\"https:\/\/schema.org\",\"@graph\":[{\"@type\":\"WebPage\",\"@id\":\"https:\/\/www.ummto.dz\/vrp\/t1\/\",\"url\":\"https:\/\/www.ummto.dz\/vrp\/t1\/\",\"name\":\"VRP-R\u00e9orientation -\",\"isPartOf\":{\"@id\":\"https:\/\/www.ummto.dz\/vrp\/fr\/#website\"},\"datePublished\":\"2022-05-15T12:23:37+00:00\",\"dateModified\":\"2025-09-09T07:44:22+00:00\",\"inLanguage\":\"en-US\",\"potentialAction\":[{\"@type\":\"ReadAction\",\"target\":[\"https:\/\/www.ummto.dz\/vrp\/t1\/\"]}]},{\"@type\":\"WebSite\",\"@id\":\"https:\/\/www.ummto.dz\/vrp\/fr\/#website\",\"url\":\"https:\/\/www.ummto.dz\/vrp\/fr\/\",\"name\":\"\",\"description\":\"Vice-Rectorat charg\u00e9 de la p\u00e9dagogie\",\"potentialAction\":[{\"@type\":\"SearchAction\",\"target\":{\"@type\":\"EntryPoint\",\"urlTemplate\":\"https:\/\/www.ummto.dz\/vrp\/fr\/?s={search_term_string}\"},\"query-input\":{\"@type\":\"PropertyValueSpecification\",\"valueRequired\":true,\"valueName\":\"search_term_string\"}}],\"inLanguage\":\"en-US\"}]}<\/script>\n<!-- \/ Yoast SEO plugin. -->","yoast_head_json":{"title":"VRP-R\u00e9orientation -","robots":{"index":"index","follow":"follow","max-snippet":"max-snippet:-1","max-image-preview":"max-image-preview:large","max-video-preview":"max-video-preview:-1"},"canonical":"https:\/\/www.ummto.dz\/vrp\/t1\/","og_locale":"en_US","og_type":"article","og_title":"VRP-R\u00e9orientation -","og_url":"https:\/\/www.ummto.dz\/vrp\/t1\/","article_modified_time":"2025-09-09T07:44:22+00:00","twitter_card":"summary_large_image","twitter_misc":{"Est. reading time":"5 minutes"},"schema":{"@context":"https:\/\/schema.org","@graph":[{"@type":"WebPage","@id":"https:\/\/www.ummto.dz\/vrp\/t1\/","url":"https:\/\/www.ummto.dz\/vrp\/t1\/","name":"VRP-R\u00e9orientation -","isPartOf":{"@id":"https:\/\/www.ummto.dz\/vrp\/fr\/#website"},"datePublished":"2022-05-15T12:23:37+00:00","dateModified":"2025-09-09T07:44:22+00:00","inLanguage":"en-US","potentialAction":[{"@type":"ReadAction","target":["https:\/\/www.ummto.dz\/vrp\/t1\/"]}]},{"@type":"WebSite","@id":"https:\/\/www.ummto.dz\/vrp\/fr\/#website","url":"https:\/\/www.ummto.dz\/vrp\/fr\/","name":"","description":"Vice-Rectorat charg\u00e9 de la p\u00e9dagogie","potentialAction":[{"@type":"SearchAction","target":{"@type":"EntryPoint","urlTemplate":"https:\/\/www.ummto.dz\/vrp\/fr\/?s={search_term_string}"},"query-input":{"@type":"PropertyValueSpecification","valueRequired":true,"valueName":"search_term_string"}}],"inLanguage":"en-US"}]}},"_links":{"self":[{"href":"https:\/\/www.ummto.dz\/vrp\/wp-json\/wp\/v2\/pages\/2271","targetHints":{"allow":["GET"]}}],"collection":[{"href":"https:\/\/www.ummto.dz\/vrp\/wp-json\/wp\/v2\/pages"}],"about":[{"href":"https:\/\/www.ummto.dz\/vrp\/wp-json\/wp\/v2\/types\/page"}],"author":[{"embeddable":true,"href":"https:\/\/www.ummto.dz\/vrp\/wp-json\/wp\/v2\/users\/1"}],"replies":[{"embeddable":true,"href":"https:\/\/www.ummto.dz\/vrp\/wp-json\/wp\/v2\/comments?post=2271"}],"version-history":[{"count":43,"href":"https:\/\/www.ummto.dz\/vrp\/wp-json\/wp\/v2\/pages\/2271\/revisions"}],"predecessor-version":[{"id":7173,"href":"https:\/\/www.ummto.dz\/vrp\/wp-json\/wp\/v2\/pages\/2271\/revisions\/7173"}],"wp:attachment":[{"href":"https:\/\/www.ummto.dz\/vrp\/wp-json\/wp\/v2\/media?parent=2271"}],"curies":[{"name":"wp","href":"https:\/\/api.w.org\/{rel}","templated":true}]}}